[Sun Jun 07 00:25:13.553837 2026] [proxy_fcgi:error] [pid 3976515:tid 3976515] [client 113.186.89.175:50955] AH01071: Got error 'Primary script unknown', referer: https://www.truechristianity.info/en/saints_en_03/saint_hesychios_martyr_en.php
[Sun Jun 07 00:25:21.261236 2026] [cgi:error] [pid 3976515:tid 3976515] [client 123.16.145.6:33534] AH02811: stderr from /home/serhi173/public_html/argentina/wad.cgi: script not found or unable to stat
[Sun Jun 07 00:25:27.042256 2026] [proxy_fcgi:error] [pid 3974504:tid 3974504] [client 74.7.227.182:44112] AH01071: Got error 'Primary script unknown', referer: http://truechristianity.info/inc/ask_catholic_priest_questions.php
[Sun Jun 07 00:25:27.541017 2026] [proxy_fcgi:error] [pid 3974504:tid 3974504] [client 74.7.227.182:44112] AH01071: Got error 'Primary script unknown', referer: http://truechristianity.info/inc/ask_catholic_priest_questions.php
[Sun Jun 07 00:25:33.164479 2026] [proxy_fcgi:error] [pid 3973443:tid 3973443] [client 152.59.56.79:43369] AH01071: Got error 'Primary script unknown'
[Sun Jun 07 00:26:09.789603 2026] [proxy_fcgi:error] [pid 3976610:tid 3976610] [client 74.7.227.182:49784] AH01071: Got error 'Primary script unknown', referer: http://truechristianity.info/inc/god_has_created_this_(table-ru).php
[Sun Jun 07 00:26:10.292534 2026] [proxy_fcgi:error] [pid 3976610:tid 3976610] [client 74.7.227.182:49784] AH01071: Got error 'Primary script unknown', referer: http://truechristianity.info/inc/god_has_created_this_(table-ru).php
[Sun Jun 07 00:26:10.868257 2026] [proxy_fcgi:error] [pid 3976610:tid 3976610] [client 74.7.227.182:49784] AH01071: Got error 'Primary script unknown', referer: http://truechristianity.info/inc/god_has_created_this_(table-ru).php
[Sun Jun 07 00:26:26.325004 2026] [access_compat:error] [pid 3976915:tid 3976915] [client 43.173.175.243:49812] AH01797: client denied by server configuration: /home/translat/public_html/translators/russian_burmese
[Sun Jun 07 00:26:26.325078 2026] [access_compat:error] [pid 3976915:tid 3976915] [client 43.173.175.243:49812] AH01797: client denied by server configuration: /home/translat/public_html/403.shtml
[Sun Jun 07 00:26:31.505885 2026] [access_compat:error] [pid 3976503:tid 3976503] [client 43.173.177.64:53040] AH01797: client denied by server configuration: /home/translat/public_html/challenge, referer: https://www.translationdirectory.com/translators/yoruba_english/moses_ayomiposi.php
[Sun Jun 07 00:26:37.058987 2026] [proxy_fcgi:error] [pid 3976610:tid 3976610] [client 74.7.227.182:49784] AH01071: Got error 'Primary script unknown', referer: http://truechristianity.info/inc/god_has_created_this_(table-ru).php
[Sun Jun 07 00:26:37.587969 2026] [proxy_fcgi:error] [pid 3976610:tid 3976610] [client 74.7.227.182:49784] AH01071: Got error 'Primary script unknown', referer: http://truechristianity.info/inc/god_has_created_this_(table-ru).php
[Sun Jun 07 00:26:42.943489 2026] [access_compat:error] [pid 3976528:tid 3976528] [client 43.173.180.117:33160] AH01797: client denied by server configuration: /home/translat/public_html/translators/yoruba_english
[Sun Jun 07 00:26:42.943536 2026] [access_compat:error] [pid 3976528:tid 3976528] [client 43.173.180.117:33160] AH01797: client denied by server configuration: /home/translat/public_html/403.shtml
[Sun Jun 07 00:27:01.885882 2026] [proxy_fcgi:error] [pid 3976887:tid 3976887] [client 74.7.227.182:47688] AH01071: Got error 'Primary script unknown', referer: http://truechristianity.info/inc/ask_priest_of_ugcc_questions.php
[Sun Jun 07 00:27:02.498059 2026] [proxy_fcgi:error] [pid 3976887:tid 3976887] [client 74.7.227.182:47688] AH01071: Got error 'Primary script unknown', referer: http://truechristianity.info/inc/ask_priest_of_ugcc_questions.php
[Sun Jun 07 00:27:26.163485 2026] [proxy_fcgi:error] [pid 3977375:tid 3977375] [client 185.191.171.19:24976] AH01071: Got error 'Primary script unknown'
[Sun Jun 07 00:27:44.623659 2026] [proxy_fcgi:error] [pid 3977398:tid 3977398] [client 216.73.217.83:41428] AH01071: Got error 'Primary script unknown'
[Sun Jun 07 00:27:53.755262 2026] [proxy_fcgi:error] [pid 3977374:tid 3977374] [client 216.73.217.83:44804] AH01071: Got error 'Primary script unknown'
[Sun Jun 07 00:27:56.015468 2026] [proxy_fcgi:error] [pid 3976887:tid 3976887] [client 209.141.51.192:55699] AH01071: Got error 'Primary script unknown'
[Sun Jun 07 00:28:00.546378 2026] [proxy_fcgi:error] [pid 3975308:tid 3975308] [client 216.73.217.83:44180] AH01071: Got error 'Primary script unknown'
[Sun Jun 07 00:28:01.274509 2026] [proxy_fcgi:error] [pid 3975308:tid 3975308] [client 216.73.217.83:44180] AH01071: Got error 'Primary script unknown'
[Sun Jun 07 00:28:11.570657 2026] [proxy_fcgi:error] [pid 3975336:tid 3975336] [client 40.77.167.3:10288] AH01071: Got error 'Primary script unknown'
[Sun Jun 07 00:28:12.686560 2026] [authz_core:error] [pid 3977374:tid 3977374] [client 112.86.225.97:48706] AH01630: client denied by server configuration: /home/truechri/public_html/php.ini
[Sun Jun 07 00:28:32.089201 2026] [proxy_fcgi:error] [pid 3974902:tid 3974902] [client 207.46.13.86:50971] AH01071: Got error 'Primary script unknown'
[Sun Jun 07 00:28:32.843008 2026] [proxy_fcgi:error] [pid 3975338:tid 3975338] [client 15.235.98.134:25442] AH01071: Got error 'Primary script unknown'
[Sun Jun 07 00:28:32.959962 2026] [cgi:error] [pid 3975738:tid 3975738] [client 102.213.176.251:53624] AH02811: stderr from /home/serhi173/public_html/france/wad.cgi: script not found or unable to stat
[Sun Jun 07 00:28:44.424954 2026] [proxy_fcgi:error] [pid 3977634:tid 3977634] [client 192.140.93.119:42968] AH01071: Got error 'Primary script unknown'
[Sun Jun 07 00:28:59.563932 2026] [proxy_fcgi:error] [pid 3977634:tid 3977634] [client 74.7.230.8:34486] AH01071: Got error 'Primary script unknown'
[Sun Jun 07 00:29:00.413682 2026] [proxy_fcgi:error] [pid 3977617:tid 3977617] [client 74.7.241.157:58160] AH01071: Got error 'Primary script unknown'
[Sun Jun 07 00:29:03.141762 2026] [proxy_fcgi:error] [pid 3977636:tid 3977636] [client 43.173.179.200:35246] AH01071: Got error 'Primary script unknown'
[Sun Jun 07 00:29:03.234557 2026] [proxy_fcgi:error] [pid 3975097:tid 3975097] [client 43.173.178.18:42176] AH01071: Got error 'Primary script unknown'
[Sun Jun 07 00:29:06.184377 2026] [proxy_fcgi:error] [pid 3977379:tid 3977379] [client 34.60.97.204:43878] AH01071: Got error 'Primary script unknown'
[Sun Jun 07 00:29:29.774810 2026] [proxy_fcgi:error] [pid 3977609:tid 3977609] [client 113.163.50.175:47036] AH01071: Got error 'Primary script unknown', referer: https://www.truechristianity.info/en/saints_en_07/saint_archangel_gabriel_en.php
[Sun Jun 07 00:30:02.155220 2026] [proxy_fcgi:error] [pid 3977753:tid 3977753] [client 43.172.195.83:58084] AH01071: Got error 'Primary script unknown'
[Sun Jun 07 00:30:50.380614 2026] [proxy_fcgi:error] [pid 3975097:tid 3975097] [client 84.37.179.146:61938] AH01071: Got error 'Primary script unknown'
[Sun Jun 07 00:31:02.399954 2026] [cgi:error] [pid 3977634:tid 3977634] [client 116.179.32.107:20169] AH02811: stderr from /home/serhi173/public_html/italy/wad.cgi: script not found or unable to stat
[Sun Jun 07 00:31:23.811767 2026] [cgi:error] [pid 3976494:tid 3976494] [client 190.114.246.137:38460] AH02811: stderr from /home/serhi173/public_html/colombia/wad.cgi: script not found or unable to stat
[Sun Jun 07 00:32:02.794133 2026] [cgi:error] [pid 3979090:tid 3979090] [client 201.177.185.14:51842] AH02811: stderr from /home/serhi173/public_html/malaysia/wad.cgi: script not found or unable to stat
[Sun Jun 07 00:32:05.266090 2026] [proxy_fcgi:error] [pid 3976890:tid 3976890] [client 43.173.173.118:54252] AH01071: Got error 'Primary script unknown'
[Sun Jun 07 00:32:26.936431 2026] [cgi:error] [pid 3979094:tid 3979094] [client 176.28.74.72:59558] AH02811: stderr from /home/serhi173/public_html/philippines/wad.cgi: script not found or unable to stat
[Sun Jun 07 00:32:53.301130 2026] [access_compat:error] [pid 3978532:tid 3978532] [client 47.128.96.122:45704] AH01797: client denied by server configuration: /home/translat/public_html/agencies/res/images/GTE_Localize.Logo-GTELocalize-circle.png, referer: https://www2.translationdirectory.com/index.html
[Sun Jun 07 00:32:53.492719 2026] [access_compat:error] [pid 3978532:tid 3978532] [client 47.128.96.122:45704] AH01797: client denied by server configuration: /home/translat/public_html/agencies/res/images/Ideal_Legal_Translation_and_Businessmen_Services.Logo.jpeg, referer: https://www2.translationdirectory.com/index.html
[Sun Jun 07 00:33:04.110717 2026] [proxy_fcgi:error] [pid 3978532:tid 3978532] [client 43.173.181.183:45060] AH01071: Got error 'Primary script unknown'
[Sun Jun 07 00:33:05.673929 2026] [proxy_fcgi:error] [pid 3979510:tid 3979510] [client 78.142.18.40:51328] AH01071: Got error 'Primary script unknown'
[Sun Jun 07 00:33:08.175909 2026] [autoindex:error] [pid 3978948:tid 3978948] (13)Permission denied: [client 74.7.227.182:46870] AH01275: Can't open directory for index: /home/truechri/public_html/pl/books/traktat_o_prawdziwym_nabozenstwie_do_najswietszej_maryi_panny/img/, referer: http://truechristianity.info/pl/books/traktat_o_prawdziwym_nabozenstwie_do_najswietszej_maryi_panny/
[Sun Jun 07 00:33:12.084153 2026] [proxy_fcgi:error] [pid 3979490:tid 3979490] [client 113.174.209.211:48326] AH01071: Got error 'Primary script unknown', referer: https://www.truechristianity.info/en/saints_en_01/saint_holy_infants_en.php
[Sun Jun 07 00:33:23.634141 2026] [proxy_fcgi:error] [pid 3976915:tid 3976915] [client 185.112.165.177:58736] AH01071: Got error 'Primary script unknown'
[Sun Jun 07 00:33:24.005498 2026] [proxy_fcgi:error] [pid 3979094:tid 3979094] [client 185.112.165.177:58738] AH01071: Got error 'Primary script unknown'
[Sun Jun 07 00:33:24.005628 2026] [proxy_fcgi:error] [pid 3976505:tid 3976505] [client 185.112.165.177:58737] AH01071: Got error 'Primary script unknown'
[Sun Jun 07 00:33:59.671968 2026] [proxy_fcgi:error] [pid 3974926:tid 3974926] [client 37.40.91.165:35210] AH01071: Got error 'Primary script unknown'
[Sun Jun 07 00:34:01.575592 2026] [cgi:error] [pid 3977398:tid 3977398] [client 196.176.139.22:39178] AH02811: stderr from /home/serhi173/public_html/macedonia/wad.cgi: script not found or unable to stat
[Sun Jun 07 00:34:49.294394 2026] [proxy_fcgi:error] [pid 3979612:tid 3979612] [client 74.7.227.182:51192] AH01071: Got error 'Primary script unknown', referer: http://truechristianity.info/inc/ask_priest_questions.php
[Sun Jun 07 00:34:52.589427 2026] [proxy_fcgi:error] [pid 3979612:tid 3979612] [client 74.7.227.182:51192] AH01071: Got error 'Primary script unknown', referer: http://truechristianity.info/inc/ask_priest_questions.php
[Sun Jun 07 00:34:55.075840 2026] [cgi:error] [pid 3979766:tid 3979766] [client 70.153.76.26:5969] AH01215: stderr from /usr/local/cpanel/cgi-sys/ea-php83: PHP Warning: Undefined variable $i in /home/serhi173/public_html/index.html on line 171
[Sun Jun 07 00:34:55.075908 2026] [cgi:error] [pid 3979766:tid 3979766] [client 70.153.76.26:5969] AH01215: stderr from /usr/local/cpanel/cgi-sys/ea-php83: PHP Warning: Undefined variable $i in /home/serhi173/public_html/index.html on line 171
[Sun Jun 07 00:34:55.303199 2026] [proxy_fcgi:error] [pid 3979943:tid 3979943] [client 74.7.227.182:58572] AH01071: Got error 'Primary script unknown', referer: http://truechristianity.info/inc/ask_priest_questions.php
[Sun Jun 07 00:34:55.456866 2026] [cgi:error] [pid 3978538:tid 3978538] [client 70.153.76.20:14593] AH01215: stderr from /usr/local/cpanel/cgi-sys/ea-php83: PHP Warning: Undefined variable $i in /home/serhi173/public_html/index.html on line 171
[Sun Jun 07 00:34:55.456960 2026] [cgi:error] [pid 3978538:tid 3978538] [client 70.153.76.20:14593] AH01215: stderr from /usr/local/cpanel/cgi-sys/ea-php83: PHP Warning: Undefined variable $i in /home/serhi173/public_html/index.html on line 171
[Sun Jun 07 00:34:56.349616 2026] [cgi:error] [pid 3979767:tid 3979767] [client 14.191.126.155:25385] AH02811: stderr from /home/serhi173/public_html/hungary/wad.cgi: script not found or unable to stat
[Sun Jun 07 00:34:59.117983 2026] [cgi:error] [pid 3980040:tid 3980040] [client 24.152.41.252:5208] AH02811: stderr from /home/serhi173/public_html/algeria/wad.cgi: script not found or unable to stat
[Sun Jun 07 00:35:02.488943 2026] [proxy_fcgi:error] [pid 3979882:tid 3979882] [client 80.62.117.177:43631] AH01071: Got error 'Primary script unknown'
[Sun Jun 07 00:35:02.680877 2026] [proxy_fcgi:error] [pid 3977398:tid 3977398] [client 80.62.117.177:48848] AH01071: Got error 'Primary script unknown'
[Sun Jun 07 00:35:02.684850 2026] [proxy_fcgi:error] [pid 3979766:tid 3979766] [client 80.62.117.177:51272] AH01071: Got error 'Primary script unknown'
[Sun Jun 07 00:35:05.265110 2026] [proxy_fcgi:error] [pid 3979490:tid 3979490] [client 43.173.182.193:44064] AH01071: Got error 'Primary script unknown'
[Sun Jun 07 00:35:07.795130 2026] [proxy_fcgi:error] [pid 3979943:tid 3979943] [client 74.7.227.182:58572] AH01071: Got error 'Primary script unknown', referer: http://truechristianity.info/inc/ask_priest_questions.php
[Sun Jun 07 00:35:08.324633 2026] [proxy_fcgi:error] [pid 3979943:tid 3979943] [client 74.7.227.182:58572] AH01071: Got error 'Primary script unknown', referer: http://truechristianity.info/inc/ask_priest_questions.php
[Sun Jun 07 00:35:11.400149 2026] [proxy_fcgi:error] [pid 3979498:tid 3979498] [client 138.117.126.159:46770] AH01071: Got error 'Primary script unknown'
[Sun Jun 07 00:35:21.367797 2026] [proxy_fcgi:error] [pid 3977649:tid 3977649] [client 5.255.231.54:52778] AH01071: Got error 'Primary script unknown'
[Sun Jun 07 00:35:30.378220 2026] [proxy_fcgi:error] [pid 3979943:tid 3979943] [client 74.7.227.182:58572] AH01071: Got error 'Primary script unknown', referer: http://truechristianity.info/inc/ask_priest_questions.php
[Sun Jun 07 00:35:30.916259 2026] [proxy_fcgi:error] [pid 3979943:tid 3979943] [client 74.7.227.182:58572] AH01071: Got error 'Primary script unknown', referer: http://truechristianity.info/inc/ask_priest_questions.php
[Sun Jun 07 00:35:31.471688 2026] [proxy_fcgi:error] [pid 3979943:tid 3979943] [client 74.7.227.182:58572] AH01071: Got error 'Primary script unknown', referer: http://truechristianity.info/inc/ask_priest_questions.php
[Sun Jun 07 00:35:32.095091 2026] [proxy_fcgi:error] [pid 3979943:tid 3979943] [client 74.7.227.182:58572] AH01071: Got error 'Primary script unknown', referer: http://truechristianity.info/inc/ask_priest_questions.php
[Sun Jun 07 00:35:35.340031 2026] [proxy_fcgi:error] [pid 3979943:tid 3979943] [client 74.7.227.182:58572] AH01071: Got error 'Primary script unknown', referer: http://truechristianity.info/inc/ask_priest_questions.php
[Sun Jun 07 00:35:35.856208 2026] [proxy_fcgi:error] [pid 3979943:tid 3979943] [client 74.7.227.182:58572] AH01071: Got error 'Primary script unknown', referer: http://truechristianity.info/inc/ask_priest_questions.php
[Sun Jun 07 00:35:36.399759 2026] [proxy_fcgi:error] [pid 3979943:tid 3979943] [client 74.7.227.182:58572] AH01071: Got error 'Primary script unknown', referer: http://truechristianity.info/inc/ask_priest_questions.php
[Sun Jun 07 00:35:36.902272 2026] [proxy_fcgi:error] [pid 3979943:tid 3979943] [client 74.7.227.182:58572] AH01071: Got error 'Primary script unknown', referer: http://truechristianity.info/inc/ask_priest_questions.php
[Sun Jun 07 00:35:37.461741 2026] [proxy_fcgi:error] [pid 3979943:tid 3979943] [client 74.7.227.182:58572] AH01071: Got error 'Primary script unknown', referer: http://truechristianity.info/inc/ask_priest_questions.php
[Sun Jun 07 00:35:37.990235 2026] [proxy_fcgi:error] [pid 3979943:tid 3979943] [client 74.7.227.182:58572] AH01071: Got error 'Primary script unknown', referer: http://truechristianity.info/inc/ask_priest_questions.php
[Sun Jun 07 00:35:38.453368 2026] [proxy_fcgi:error] [pid 3979943:tid 3979943] [client 74.7.227.182:58572] AH01071: Got error 'Primary script unknown', referer: http://truechristianity.info/inc/ask_priest_questions.php
[Sun Jun 07 00:35:39.038039 2026] [proxy_fcgi:error] [pid 3979943:tid 3979943] [client 74.7.227.182:58572] AH01071: Got error 'Primary script unknown', referer: http://truechristianity.info/inc/ask_priest_questions.php
[Sun Jun 07 00:35:39.543856 2026] [proxy_fcgi:error] [pid 3979943:tid 3979943] [client 74.7.227.182:58572] AH01071: Got error 'Primary script unknown', referer: http://truechristianity.info/inc/ask_priest_questions.php
[Sun Jun 07 00:35:40.083014 2026] [proxy_fcgi:error] [pid 3979943:tid 3979943] [client 74.7.227.182:58572] AH01071: Got error 'Primary script unknown', referer: http://truechristianity.info/inc/ask_priest_questions.php
[Sun Jun 07 00:35:40.574442 2026] [proxy_fcgi:error] [pid 3979943:tid 3979943] [client 74.7.227.182:58572] AH01071: Got error 'Primary script unknown', referer: http://truechristianity.info/inc/ask_priest_questions.php
[Sun Jun 07 00:35:41.135578 2026] [proxy_fcgi:error] [pid 3979943:tid 3979943] [client 74.7.227.182:58572] AH01071: Got error 'Primary script unknown', referer: http://truechristianity.info/inc/ask_priest_questions.php
[Sun Jun 07 00:35:41.644558 2026] [proxy_fcgi:error] [pid 3979943:tid 3979943] [client 74.7.227.182:58572] AH01071: Got error 'Primary script unknown', referer: http://truechristianity.info/inc/ask_priest_questions.php
[Sun Jun 07 00:35:42.143277 2026] [proxy_fcgi:error] [pid 3979943:tid 3979943] [client 74.7.227.182:58572] AH01071: Got error 'Primary script unknown', referer: http://truechristianity.info/inc/ask_priest_questions.php
[Sun Jun 07 00:35:42.639403 2026] [proxy_fcgi:error] [pid 3979943:tid 3979943] [client 74.7.227.182:58572] AH01071: Got error 'Primary script unknown', referer: http://truechristianity.info/inc/ask_priest_questions.php
[Sun Jun 07 00:35:50.654568 2026] [access_compat:error] [pid 3980394:tid 3980394] [client 43.173.181.50:49438] AH01797: client denied by server configuration: /home/translat/public_html/translator_directory.htm
[Sun Jun 07 00:36:14.694997 2026] [proxy_fcgi:error] [pid 3980400:tid 3980400] [client 66.249.66.67:56073] AH01071: Got error 'Primary script unknown'
[Sun Jun 07 00:36:32.903863 2026] [authz_core:error] [pid 3980388:tid 3980388] [client 2.189.5.142:59996] AH01630: client denied by server configuration: /home/truechri/public_html/php.ini
[Sun Jun 07 00:36:34.895004 2026] [proxy_fcgi:error] [pid 3979486:tid 3979486] [client 74.7.227.182:60726] AH01071: Got error 'Primary script unknown', referer: http://truechristianity.info/ua/articles/chy_mozhe_katolyk_prychashhatysja_v_pravoslavnomu_hrami_i_navpaky.php
[Sun Jun 07 00:36:37.020664 2026] [proxy_fcgi:error] [pid 3979486:tid 3979486] [client 74.7.227.182:60726] AH01071: Got error 'Primary script unknown', referer: http://truechristianity.info/ua/articles/article_ua_0000.php
[Sun Jun 07 00:36:38.073032 2026] [access_compat:error] [pid 3980390:tid 3980390] [client 47.128.96.206:50548] AH01797: client denied by server configuration: /home/translat/public_html/agencies/res/images/Ideal_Legal_Translation_and_Businessmen_Services.Logo.jpeg, referer: https://www.www2.translationdirectory.com/index.html
[Sun Jun 07 00:37:20.926693 2026] [proxy_fcgi:error] [pid 3980376:tid 3980376] [client 74.7.227.182:59422] AH01071: Got error 'Primary script unknown', referer: http://truechristianity.info/en/saint_abbas/imitation_of_christ_download.php
[Sun Jun 07 00:37:29.197184 2026] [access_compat:error] [pid 3980362:tid 3980362] [client 47.128.96.199:55698] AH01797: client denied by server configuration: /home/translat/public_html/agencies/res/images/GTE_Localize.Logo-GTELocalize-circle.png, referer: https://www.www2.translationdirectory.com/index.html
[Sun Jun 07 00:38:00.934218 2026] [proxy_fcgi:error] [pid 3980895:tid 3980895] [client 74.7.227.182:33114] AH01071: Got error 'Primary script unknown', referer: http://truechristianity.info/inc/ask_priest_questions.php
[Sun Jun 07 00:38:01.451533 2026] [proxy_fcgi:error] [pid 3980895:tid 3980895] [client 74.7.227.182:33114] AH01071: Got error 'Primary script unknown', referer: http://truechristianity.info/inc/ask_priest_questions.php
[Sun Jun 07 00:38:03.187283 2026] [cgi:error] [pid 3979649:tid 3979649] [client 190.171.112.223:42495] AH02811: stderr from /home/serhi173/public_html/thailand/wad.cgi: script not found or unable to stat
[Sun Jun 07 00:38:03.567883 2026] [proxy_fcgi:error] [pid 3980895:tid 3980895] [client 74.7.227.182:33114] AH01071: Got error 'Primary script unknown', referer: http://truechristianity.info/inc/ask_priest_questions.php
[Sun Jun 07 00:38:03.775509 2026] [proxy_fcgi:error] [pid 3980640:tid 3980640] [client 185.191.171.4:55868] AH01071: Got error 'Primary script unknown'
[Sun Jun 07 00:38:05.146108 2026] [proxy_fcgi:error] [pid 3980895:tid 3980895] [client 74.7.227.182:33114] AH01071: Got error 'Primary script unknown', referer: http://truechristianity.info/inc/ask_priest_questions.php
[Sun Jun 07 00:38:09.026747 2026] [proxy_fcgi:error] [pid 3980898:tid 3980898] [client 43.172.194.44:53300] AH01071: Got error 'Primary script unknown'
[Sun Jun 07 00:38:19.449943 2026] [access_compat:error] [pid 3976890:tid 3976890] [client 47.128.96.208:59102] AH01797: client denied by server configuration: /home/translat/public_html/agencies/res/images/GTE_Localize.Logo-GTELocalize-circle.png, referer: https://www.www2.translationdirectory.com/index.html
[Sun Jun 07 00:39:20.886140 2026] [authz_core:error] [pid 3980376:tid 3980376] [client 2.189.5.218:38466] AH01630: client denied by server configuration: /home/truechri/public_html/php.ini
[Sun Jun 07 00:39:22.807187 2026] [cgi:error] [pid 3979085:tid 3979085] [client 152.173.18.53:39784] AH02811: stderr from /home/serhi173/public_html/papua_new_guinea/wad.cgi: script not found or unable to stat
[Sun Jun 07 00:39:30.157013 2026] [access_compat:error] [pid 3981259:tid 3981259] [client 47.128.96.137:52624] AH01797: client denied by server configuration: /home/translat/public_html/agencies/res/images/GTE_Localize.Logo-GTELocalize-circle.png, referer: https://www2.translationdirectory.com/index.html
[Sun Jun 07 00:39:30.242959 2026] [cgi:error] [pid 3979500:tid 3979500] [client 179.29.29.93:9783] AH02811: stderr from /home/serhi173/public_html/brazil/wad.cgi: script not found or unable to stat
[Sun Jun 07 00:39:33.285732 2026] [proxy_fcgi:error] [pid 3980902:tid 3980902] [client 91.13.229.160:56637] AH01071: Got error 'Primary script unknown'
[Sun Jun 07 00:39:33.380955 2026] [proxy_fcgi:error] [pid 3979085:tid 3979085] [client 91.13.229.160:56639] AH01071: Got error 'Primary script unknown'
[Sun Jun 07 00:39:33.384950 2026] [proxy_fcgi:error] [pid 3979500:tid 3979500] [client 91.13.229.160:56638] AH01071: Got error 'Primary script unknown'
[Sun Jun 07 00:40:00.158236 2026] [proxy_fcgi:error] [pid 3980882:tid 3980882] [client 74.7.230.8:56980] AH01071: Got error 'Primary script unknown'
[Sun Jun 07 00:40:03.617899 2026] [proxy_fcgi:error] [pid 3980991:tid 3980991] [client 54.37.252.231:51686] AH01071: Got error 'Primary script unknown'
[Sun Jun 07 00:40:14.054970 2026] [proxy_fcgi:error] [pid 3981520:tid 3981520] [client 54.37.252.231:46742] AH01071: Got error 'Primary script unknown'
[Sun Jun 07 00:40:22.463990 2026] [proxy_fcgi:error] [pid 3980899:tid 3980899] [client 169.239.182.214:64658] AH01071: Got error 'Primary script unknown'
[Sun Jun 07 00:40:31.411005 2026] [proxy_fcgi:error] [pid 3980640:tid 3980640] [client 74.7.227.182:41970] AH01071: Got error 'Primary script unknown', referer: http://truechristianity.info/test.htm
[Sun Jun 07 00:40:48.200294 2026] [cgi:error] [pid 3981753:tid 3981753] [client 38.166.31.229:34938] AH02811: stderr from /home/serhi173/public_html/french_polynesia/wad.cgi: script not found or unable to stat
[Sun Jun 07 00:40:53.535650 2026] [access_compat:error] [pid 3980356:tid 3980356] [client 47.128.96.204:58324] AH01797: client denied by server configuration: /home/translat/public_html/agencies/res/images/GTE_Localize.Logo-GTELocalize-circle.png, referer: https://translationdirectory.com/index.html
[Sun Jun 07 00:41:26.342238 2026] [proxy_fcgi:error] [pid 3982161:tid 3982161] [client 94.215.85.222:55416] AH01071: Got error 'Primary script unknown', referer: https://www.truechristianity.info/polls/poll_030/index.php
[Sun Jun 07 00:41:34.126925 2026] [cgi:error] [pid 3982174:tid 3982174] [client 77.75.76.160:16909] AH01215: stderr from /usr/local/cpanel/cgi-sys/ea-php83: PHP Warning: Undefined variable $i in /home/serhi173/public_html/index.html on line 171
[Sun Jun 07 00:41:34.127021 2026] [cgi:error] [pid 3982174:tid 3982174] [client 77.75.76.160:16909] AH01215: stderr from /usr/local/cpanel/cgi-sys/ea-php83: PHP Warning: Undefined variable $i in /home/serhi173/public_html/index.html on line 171
[Sun Jun 07 00:41:50.074145 2026] [cgi:error] [pid 3982162:tid 3982162] [client 149.22.83.10:52674] AH02811: stderr from /home/serhi173/public_html/france/wad.cgi: script not found or unable to stat
[Sun Jun 07 00:41:51.875010 2026] [cgi:error] [pid 3982162:tid 3982162] [client 149.22.83.10:52674] AH02811: stderr from /home/serhi173/public_html/france/wad.cgi: script not found or unable to stat
[Sun Jun 07 00:41:53.589786 2026] [cgi:error] [pid 3982162:tid 3982162] [client 149.22.83.10:52674] AH02811: stderr from /home/serhi173/public_html/france/wad.cgi: script not found or unable to stat
[Sun Jun 07 00:41:55.395312 2026] [cgi:error] [pid 3982162:tid 3982162] [client 149.22.83.10:52674] AH02811: stderr from /home/serhi173/public_html/france/wad.cgi: script not found or unable to stat
[Sun Jun 07 00:41:57.187468 2026] [cgi:error] [pid 3982162:tid 3982162] [client 149.22.83.10:52674] AH02811: stderr from /home/serhi173/public_html/france/wad.cgi: script not found or unable to stat
[Sun Jun 07 00:41:58.937861 2026] [cgi:error] [pid 3982162:tid 3982162] [client 149.22.83.10:52674] AH02811: stderr from /home/serhi173/public_html/france/wad.cgi: script not found or unable to stat
[Sun Jun 07 00:42:00.788715 2026] [cgi:error] [pid 3982162:tid 3982162] [client 149.22.83.10:52674] AH02811: stderr from /home/serhi173/public_html/france/wad.cgi: script not found or unable to stat
[Sun Jun 07 00:42:02.548928 2026] [cgi:error] [pid 3982162:tid 3982162] [client 149.22.83.10:52674] AH02811: stderr from /home/serhi173/public_html/france/wad.cgi: script not found or unable to stat
[Sun Jun 07 00:42:04.261917 2026] [cgi:error] [pid 3982162:tid 3982162] [client 149.22.83.10:52674] AH02811: stderr from /home/serhi173/public_html/france/wad.cgi: script not found or unable to stat
[Sun Jun 07 00:42:06.009222 2026] [cgi:error] [pid 3982162:tid 3982162] [client 149.22.83.10:52674] AH02811: stderr from /home/serhi173/public_html/france/wad.cgi: script not found or unable to stat
[Sun Jun 07 00:42:07.788591 2026] [cgi:error] [pid 3982162:tid 3982162] [client 149.22.83.10:52674] AH02811: stderr from /home/serhi173/public_html/france/wad.cgi: script not found or unable to stat
[Sun Jun 07 00:42:08.923594 2026] [proxy_fcgi:error] [pid 3982194:tid 3982194] [client 216.73.217.83:52731] AH01071: Got error 'Primary script unknown'
[Sun Jun 07 00:42:09.001807 2026] [cgi:error] [pid 3982192:tid 3982192] [client 190.103.200.111:47282] AH02811: stderr from /home/serhi173/public_html/gambia/wad.cgi: script not found or unable to stat
[Sun Jun 07 00:42:09.573490 2026] [cgi:error] [pid 3982162:tid 3982162] [client 149.22.83.10:52674] AH02811: stderr from /home/serhi173/public_html/france/wad.cgi: script not found or unable to stat
[Sun Jun 07 00:42:11.480714 2026] [cgi:error] [pid 3982162:tid 3982162] [client 149.22.83.10:52674] AH02811: stderr from /home/serhi173/public_html/france/wad.cgi: script not found or unable to stat
[Sun Jun 07 00:42:13.219143 2026] [cgi:error] [pid 3982162:tid 3982162] [client 149.22.83.10:52674] AH02811: stderr from /home/serhi173/public_html/france/wad.cgi: script not found or unable to stat
[Sun Jun 07 00:42:14.207062 2026] [proxy_fcgi:error] [pid 3982168:tid 3982168] [client 207.180.11.46:24072] AH01071: Got error 'Primary script unknown'
[Sun Jun 07 00:42:14.963446 2026] [cgi:error] [pid 3982162:tid 3982162] [client 149.22.83.10:52674] AH02811: stderr from /home/serhi173/public_html/france/wad.cgi: script not found or unable to stat
[Sun Jun 07 00:42:16.024693 2026] [proxy_fcgi:error] [pid 3980991:tid 3980991] [client 45.225.44.174:60907] AH01071: Got error 'Primary script unknown'
[Sun Jun 07 00:42:16.608411 2026] [cgi:error] [pid 3982162:tid 3982162] [client 149.22.83.10:52674] AH02811: stderr from /home/serhi173/public_html/france/wad.cgi: script not found or unable to stat
[Sun Jun 07 00:42:18.156016 2026] [proxy_fcgi:error] [pid 3981178:tid 3981178] [client 14.190.159.241:41882] AH01071: Got error 'Primary script unknown'
[Sun Jun 07 00:42:18.253425 2026] [cgi:error] [pid 3982162:tid 3982162] [client 149.22.83.10:52674] AH02811: stderr from /home/serhi173/public_html/france/wad.cgi: script not found or unable to stat
[Sun Jun 07 00:42:19.533940 2026] [proxy_fcgi:error] [pid 3982461:tid 3982461] [client 43.173.132.80:48615] AH01071: Got error 'Primary script unknown'
[Sun Jun 07 00:42:19.950720 2026] [cgi:error] [pid 3982162:tid 3982162] [client 149.22.83.10:52674] AH02811: stderr from /home/serhi173/public_html/france/wad.cgi: script not found or unable to stat
[Sun Jun 07 00:42:21.686462 2026] [cgi:error] [pid 3982162:tid 3982162] [client 149.22.83.10:52674] AH02811: stderr from /home/serhi173/public_html/france/wad.cgi: script not found or unable to stat
[Sun Jun 07 00:42:22.962544 2026] [proxy_fcgi:error] [pid 3982195:tid 3982195] [client 74.7.227.182:33152] AH01071: Got error 'Primary script unknown', referer: http://truechristianity.info/inc/ask_priest_of_ugcc_questions.php
[Sun Jun 07 00:42:23.343932 2026] [cgi:error] [pid 3982162:tid 3982162] [client 149.22.83.10:52674] AH02811: stderr from /home/serhi173/public_html/georgia/wad.cgi: script not found or unable to stat
[Sun Jun 07 00:42:23.478499 2026] [proxy_fcgi:error] [pid 3982195:tid 3982195] [client 74.7.227.182:33152] AH01071: Got error 'Primary script unknown', referer: http://truechristianity.info/inc/ask_priest_of_ugcc_questions.php
[Sun Jun 07 00:42:25.057078 2026] [cgi:error] [pid 3982162:tid 3982162] [client 149.22.83.10:52674] AH02811: stderr from /home/serhi173/public_html/georgia/wad.cgi: script not found or unable to stat
[Sun Jun 07 00:42:26.881759 2026] [cgi:error] [pid 3982162:tid 3982162] [client 149.22.83.10:52674] AH02811: stderr from /home/serhi173/public_html/germany/wad.cgi: script not found or unable to stat
[Sun Jun 07 00:42:36.776982 2026] [access_compat:error] [pid 3982461:tid 3982461] [client 116.179.37.106:4146] AH01797: client denied by server configuration: /home/translat/public_html/agencies/res/images/GTE_Localize.Logo-GTELocalize-circle.png, referer: https://translationdirectory.com/
[Sun Jun 07 00:42:39.493290 2026] [access_compat:error] [pid 3982461:tid 3982461] [client 43.173.182.23:55580] AH01797: client denied by server configuration: /home/translat/public_html/translator_directory.htm
[Sun Jun 07 00:42:55.054140 2026] [access_compat:error] [pid 3982194:tid 3982194] [client 43.173.174.27:35434] AH01797: client denied by server configuration: /home/translat/public_html/translator_directory.htm
[Sun Jun 07 00:43:03.030527 2026] [access_compat:error] [pid 3980390:tid 3980390] [client 116.179.37.188:30499] AH01797: client denied by server configuration: /home/translat/public_html/agencies/res/images/GTE_Localize.Logo-GTELocalize-circle.png, referer: https://www.translationdirectory.com/index.html
[Sun Jun 07 00:43:08.901510 2026] [proxy_fcgi:error] [pid 3982121:tid 3982121] [client 143.20.253.119:35590] AH01071: Got error 'Primary script unknown'
[Sun Jun 07 00:43:12.278012 2026] [proxy_fcgi:error] [pid 3981178:tid 3981178] [client 160.162.159.88:48116] AH01071: Got error 'Primary script unknown'
[Sun Jun 07 00:43:14.126798 2026] [proxy_fcgi:error] [pid 3982122:tid 3982122] [client 102.210.17.110:6665] AH01071: Got error 'Primary script unknown'
[Sun Jun 07 00:43:15.365036 2026] [proxy_fcgi:error] [pid 3982883:tid 3982883] [client 43.173.132.97:36781] AH01071: Got error 'Primary script unknown'
[Sun Jun 07 00:43:29.935360 2026] [access_compat:error] [pid 3980902:tid 3980902] [client 47.128.96.187:57764] AH01797: client denied by server configuration: /home/translat/public_html/agencies/res/images/GTE_Localize.Logo-GTELocalize-circle.png, referer: https://www.www2.translationdirectory.com/index.html
[Sun Jun 07 00:43:30.126839 2026] [access_compat:error] [pid 3980902:tid 3980902] [client 47.128.96.187:57764] AH01797: client denied by server configuration: /home/translat/public_html/agencies/res/images/Ideal_Legal_Translation_and_Businessmen_Services.Logo.jpeg, referer: https://www.www2.translationdirectory.com/index.html
[Sun Jun 07 00:43:35.582529 2026] [proxy_fcgi:error] [pid 3982172:tid 3982172] [client 17.246.15.191:42786] AH01071: Got error 'Primary script unknown'
[Sun Jun 07 00:43:42.659333 2026] [proxy_fcgi:error] [pid 3979498:tid 3979498] [client 74.7.227.182:40184] AH01071: Got error 'Primary script unknown', referer: http://truechristianity.info/en/saints_en.php
[Sun Jun 07 00:43:46.119054 2026] [core:error] [pid 3982888:tid 3982888] [client 108.137.138.203:38408] AH10244: invalid URI path (/../img/translation_left_7.jpg)
[Sun Jun 07 00:43:50.460787 2026] [proxy_fcgi:error] [pid 3982807:tid 3982807] [client 52.167.144.141:16128] AH01071: Got error 'Primary script unknown'
[Sun Jun 07 00:43:54.311469 2026] [authz_core:error] [pid 3979490:tid 3979490] [client 136.111.9.94:34220] AH01630: client denied by server configuration: /home/truechri/public_html/php.ini
[Sun Jun 07 00:44:30.374203 2026] [cgi:error] [pid 3982162:tid 3982162] [client 184.73.195.18:14733] AH02811: stderr from /home/serhi173/public_html/mexico/wad.cgi: script not found or unable to stat
[Sun Jun 07 00:44:33.496607 2026] [proxy_fcgi:error] [pid 3982880:tid 3982880] [client 84.115.221.181:37234] AH01071: Got error 'Primary script unknown'
[Sun Jun 07 00:44:33.500543 2026] [proxy_fcgi:error] [pid 3981254:tid 3981254] [client 84.115.221.181:37209] AH01071: Got error 'Primary script unknown'
[Sun Jun 07 00:44:33.550195 2026] [proxy_fcgi:error] [pid 3983261:tid 3983261] [client 84.115.221.181:37240] AH01071: Got error 'Primary script unknown'
[Sun Jun 07 00:44:33.553998 2026] [proxy_fcgi:error] [pid 3980376:tid 3980376] [client 84.115.221.181:37210] AH01071: Got error 'Primary script unknown'
[Sun Jun 07 00:44:33.554000 2026] [proxy_fcgi:error] [pid 3980984:tid 3980984] [client 84.115.221.181:37227] AH01071: Got error 'Primary script unknown'
[Sun Jun 07 00:44:33.554003 2026] [proxy_fcgi:error] [pid 3982122:tid 3982122] [client 84.115.221.181:37257] AH01071: Got error 'Primary script unknown'
[Sun Jun 07 00:44:35.446446 2026] [authz_core:error] [pid 3982183:tid 3982183] [client 47.128.124.130:35144] AH01630: client denied by server configuration: /home/truechri/public_html/php.ini
[Sun Jun 07 00:44:57.802385 2026] [proxy_fcgi:error] [pid 3983271:tid 3983271] [client 74.7.227.182:42468] AH01071: Got error 'Primary script unknown', referer: http://truechristianity.info/en/saints_en.php
[Sun Jun 07 00:45:07.643741 2026] [cgi:error] [pid 3983261:tid 3983261] [client 44.209.89.189:44560] AH02811: stderr from /home/serhi173/public_html/thailand/wad.cgi: script not found or unable to stat
[Sun Jun 07 00:45:26.507224 2026] [access_compat:error] [pid 3980346:tid 3980346] [client 116.179.37.134:45826] AH01797: client denied by server configuration: /home/translat/public_html/agencies/res/images/GTE_Localize.Logo-GTELocalize-circle.png, referer: https://www.translationdirectory.com/index.html
[Sun Jun 07 00:45:34.197757 2026] [proxy_fcgi:error] [pid 3980346:tid 3980346] [client 54.37.252.231:51268] AH01071: Got error 'Primary script unknown'
[Sun Jun 07 00:46:09.373508 2026] [cgi:error] [pid 3983200:tid 3983200] [client 217.182.195.238:54340] AH01215: stderr from /usr/local/cpanel/cgi-sys/ea-php83: PHP Warning: Undefined variable $i in /home/serhi173/public_html/inc/_big_menu_country.php on line 57, referer: https://www.airports-worldwide.com/wikipedia_licensing.php
[Sun Jun 07 00:46:09.373591 2026] [cgi:error] [pid 3983200:tid 3983200] [client 217.182.195.238:54340] AH01215: stderr from /usr/local/cpanel/cgi-sys/ea-php83: PHP Warning: Undefined variable $i in /home/serhi173/public_html/inc/_big_menu_country.php on line 57, referer: https://www.airports-worldwide.com/wikipedia_licensing.php
[Sun Jun 07 00:46:33.725150 2026] [access_compat:error] [pid 3983568:tid 3983568] [client 47.128.96.165:47576] AH01797: client denied by server configuration: /home/translat/public_html/agencies/res/images/Ideal_Legal_Translation_and_Businessmen_Services.Logo.jpeg, referer: https://www2.translationdirectory.com/index.html
[Sun Jun 07 00:46:33.916450 2026] [access_compat:error] [pid 3983568:tid 3983568] [client 47.128.96.165:47576] AH01797: client denied by server configuration: /home/translat/public_html/agencies/res/images/GTE_Localize.Logo-GTELocalize-circle.png, referer: https://www2.translationdirectory.com/index.html
[Sun Jun 07 00:47:21.405590 2026] [cgi:error] [pid 3984037:tid 3984037] [client 112.207.214.93:50525] AH02811: stderr from /home/serhi173/public_html/iran/wad.cgi: script not found or unable to stat
[Sun Jun 07 00:47:30.153995 2026] [cgi:error] [pid 3984382:tid 3984382] [client 54.147.182.90:59928] AH02811: stderr from /home/serhi173/public_html/france/wad.cgi: script not found or unable to stat
[Sun Jun 07 00:48:25.734316 2026] [authz_core:error] [pid 3984459:tid 3984459] [client 52.154.22.54:29317] AH01630: client denied by server configuration: /home/truechri/public_html/php.ini
[Sun Jun 07 00:48:26.014363 2026] [authz_core:error] [pid 3984461:tid 3984461] [client 52.154.22.62:30780] AH01630: client denied by server configuration: /home/truechri/public_html/php.ini
[Sun Jun 07 00:48:30.091487 2026] [cgi:error] [pid 3984260:tid 3984260] [client 35.169.240.53:6251] AH02811: stderr from /home/serhi173/public_html/india/wad.cgi: script not found or unable to stat
[Sun Jun 07 00:48:43.504782 2026] [authz_core:error] [pid 3984037:tid 3984037] [client 27.46.69.11:27277] AH01630: client denied by server configuration: /home/truechri/public_html/php.ini
[Sun Jun 07 00:48:48.977703 2026] [authz_core:error] [pid 3984437:tid 3984437] [client 120.240.178.196:52442] AH01630: client denied by server configuration: /home/truechri/public_html/php.ini
[Sun Jun 07 00:48:50.885099 2026] [cgi:error] [pid 3984802:tid 3984802] [client 3.93.253.174:62793] AH02811: stderr from /home/serhi173/public_html/indonesia/wad.cgi: script not found or unable to stat
[Sun Jun 07 00:48:55.017123 2026] [cgi:error] [pid 3984381:tid 3984381] [client 185.185.72.146:42704] AH02811: stderr from /home/serhi173/public_html/italy/wad.cgi: script not found or unable to stat
[Sun Jun 07 00:49:02.067554 2026] [authz_core:error] [pid 3984832:tid 3984832] [client 182.204.177.235:51360] AH01630: client denied by server configuration: /home/truechri/public_html/php.ini
[Sun Jun 07 00:49:04.018208 2026] [access_compat:error] [pid 3984039:tid 3984039] [client 47.128.96.128:31618] AH01797: client denied by server configuration: /home/translat/public_html/agencies/res/images/Ideal_Legal_Translation_and_Businessmen_Services.Logo.jpeg, referer: https://translationdirectory.com/index.html
[Sun Jun 07 00:49:11.096572 2026] [authz_core:error] [pid 3979881:tid 3979881] [client 117.69.62.64:49784] AH01630: client denied by server configuration: /home/truechri/public_html/php.ini
[Sun Jun 07 00:49:12.473611 2026] [cgi:error] [pid 3984986:tid 3984986] [client 172.213.21.29:21902] AH01215: stderr from /usr/local/cpanel/cgi-sys/ea-php83: PHP Warning: Undefined variable $i in /home/serhi173/public_html/index.html on line 171
[Sun Jun 07 00:49:12.473694 2026] [cgi:error] [pid 3984986:tid 3984986] [client 172.213.21.29:21902] AH01215: stderr from /usr/local/cpanel/cgi-sys/ea-php83: PHP Warning: Undefined variable $i in /home/serhi173/public_html/index.html on line 171
[Sun Jun 07 00:49:13.054552 2026] [proxy_fcgi:error] [pid 3985008:tid 3985008] [client 51.68.111.202:32327] AH01071: Got error 'Primary script unknown'
[Sun Jun 07 00:49:13.400005 2026] [authz_core:error] [pid 3985008:tid 3985008] [client 51.68.111.202:32327] AH01630: client denied by server configuration: /home/truechri/public_html/php.ini
[Sun Jun 07 00:49:19.719185 2026] [authz_core:error] [pid 3984376:tid 3984376] [client 116.76.24.14:37777] AH01630: client denied by server configuration: /home/truechri/public_html/php.ini
[Sun Jun 07 00:49:29.360500 2026] [cgi:error] [pid 3976915:tid 3976915] [client 52.54.95.127:1546] AH02811: stderr from /home/serhi173/public_html/india/wad.cgi: script not found or unable to stat
[Sun Jun 07 00:50:24.162986 2026] [core:error] [pid 3980902:tid 3980902] [client 108.137.138.203:36062] AH10244: invalid URI path (/../img/translation_left_7.jpg)
[Sun Jun 07 00:50:32.177274 2026] [access_compat:error] [pid 3984381:tid 3984381] [client 47.128.96.127:33778] AH01797: client denied by server configuration: /home/translat/public_html/agencies/res/images/GTE_Localize.Logo-GTELocalize-circle.png, referer: https://www.www2.translationdirectory.com/index.html
[Sun Jun 07 00:50:32.409697 2026] [access_compat:error] [pid 3985417:tid 3985417] [client 47.128.96.127:48204] AH01797: client denied by server configuration: /home/translat/public_html/agencies/res/images/Ideal_Legal_Translation_and_Businessmen_Services.Logo.jpeg, referer: https://www.www2.translationdirectory.com/index.html
[Sun Jun 07 00:50:36.292969 2026] [proxy_fcgi:error] [pid 3984999:tid 3984999] [client 43.173.176.148:60472] AH01071: Got error 'Primary script unknown'
[Sun Jun 07 00:50:47.471207 2026] [cgi:error] [pid 3984029:tid 3984029] [client 103.3.221.249:19860] AH02811: stderr from /home/serhi173/public_html/russia/wad.cgi: script not found or unable to stat
[Sun Jun 07 00:50:58.287665 2026] [access_compat:error] [pid 3980902:tid 3980902] [client 57.141.20.16:23814] AH01797: client denied by server configuration: /home/translat/public_html/agencies/res/images/Ideal_Legal_Translation_and_Businessmen_Services.Logo.jpeg
[Sun Jun 07 00:52:01.266129 2026] [proxy_fcgi:error] [pid 3982121:tid 3982121] [client 74.7.227.182:58772] AH01071: Got error 'Primary script unknown', referer: http://truechristianity.info/inc/ask_priest_questions.php
[Sun Jun 07 00:52:03.393106 2026] [proxy_fcgi:error] [pid 3982121:tid 3982121] [client 74.7.227.182:58772] AH01071: Got error 'Primary script unknown', referer: http://truechristianity.info/inc/ask_priest_questions.php
[Sun Jun 07 00:52:04.407122 2026] [proxy_fcgi:error] [pid 3982121:tid 3982121] [client 74.7.227.182:58772] AH01071: Got error 'Primary script unknown', referer: http://truechristianity.info/inc/god_has_created_this_(table-ru).php
[Sun Jun 07 00:52:04.959508 2026] [proxy_fcgi:error] [pid 3982121:tid 3982121] [client 74.7.227.182:58772] AH01071: Got error 'Primary script unknown', referer: http://truechristianity.info/inc/god_has_created_this_(table).php
[Sun Jun 07 00:52:06.515282 2026] [proxy_fcgi:error] [pid 3982121:tid 3982121] [client 74.7.227.182:58772] AH01071: Got error 'Primary script unknown', referer: http://truechristianity.info/inc/ask_priest_of_ugcc_questions.php
[Sun Jun 07 00:52:07.063086 2026] [proxy_fcgi:error] [pid 3982121:tid 3982121] [client 74.7.227.182:58772] AH01071: Got error 'Primary script unknown', referer: http://truechristianity.info/inc/god_has_created_this_(table-ru).php
[Sun Jun 07 00:52:07.175249 2026] [proxy_fcgi:error] [pid 3984446:tid 3984446] [client 157.100.110.41:45707] AH01071: Got error 'Primary script unknown'
[Sun Jun 07 00:52:07.584203 2026] [proxy_fcgi:error] [pid 3982121:tid 3982121] [client 74.7.227.182:58772] AH01071: Got error 'Primary script unknown', referer: http://truechristianity.info/inc/god_has_created_this_(table).php
[Sun Jun 07 00:52:21.654000 2026] [access_compat:error] [pid 3986049:tid 3986049] [client 43.173.132.93:29245] AH01797: client denied by server configuration: /home/translat/public_html/robots.txt
[Sun Jun 07 00:52:39.439993 2026] [cgi:error] [pid 3984392:tid 3984392] [client 17.241.227.242:55756] AH02811: stderr from /home/serhi173/public_html/saudi_arabia/wad.cgi: script not found or unable to stat
[Sun Jun 07 00:52:58.030866 2026] [access_compat:error] [pid 3986042:tid 3986042] [client 116.179.37.238:4477] AH01797: client denied by server configuration: /home/translat/public_html/agencies/res/images/GTE_Localize.Logo-GTELocalize-circle.png, referer: https://www.translationdirectory.com/agencies/paying_members.php
[Sun Jun 07 00:53:11.646083 2026] [proxy_fcgi:error] [pid 3986049:tid 3986049] [client 207.46.13.107:55866] AH01071: Got error 'Primary script unknown'
[Sun Jun 07 00:53:24.568165 2026] [cgi:error] [pid 3984382:tid 3984382] [client 82.38.180.100:37010] AH02811: stderr from /home/serhi173/public_html/china/wad.cgi: script not found or unable to stat
[Sun Jun 07 00:53:35.370055 2026] [proxy_fcgi:error] [pid 3986049:tid 3986049] [client 66.249.66.78:47997] AH01071: Got error 'Primary script unknown'
[Sun Jun 07 00:53:41.712581 2026] [proxy_fcgi:error] [pid 3986579:tid 3986579] [client 43.172.197.193:36448] AH01071: Got error 'Primary script unknown'
[Sun Jun 07 00:53:51.031135 2026] [authz_core:error] [pid 3983568:tid 3983568] [client 38.77.221.217:62438] AH01630: client denied by server configuration: /home/truechri/public_html/php.ini, referer: https://www.bing.info/
[Sun Jun 07 00:53:56.864422 2026] [authz_core:error] [pid 3982121:tid 3982121] [client 45.137.143.87:32806] AH01630: client denied by server configuration: /home/truechri/public_html/php.ini, referer: http://www.baidu.info/
[Sun Jun 07 00:53:58.821619 2026] [access_compat:error] [pid 3986578:tid 3986578] [client 47.128.96.121:41372] AH01797: client denied by server configuration: /home/translat/public_html/agencies/res/images/GTE_Localize.Logo-GTELocalize-circle.png, referer: https://translationdirectory.com/index.html
[Sun Jun 07 00:54:09.495905 2026] [cgi:error] [pid 3984260:tid 3984260] [client 100.29.128.75:6381] AH02811: stderr from /home/serhi173/public_html/brazil/wad.cgi: script not found or unable to stat
[Sun Jun 07 00:54:09.575844 2026] [cgi:error] [pid 3986578:tid 3986578] [client 20.169.78.158:47700] AH01215: stderr from /usr/local/cpanel/cgi-sys/ea-php83: PHP Warning: Undefined variable $i in /home/serhi173/public_html/index.html on line 171
[Sun Jun 07 00:54:09.575911 2026] [cgi:error] [pid 3986578:tid 3986578] [client 20.169.78.158:47700] AH01215: stderr from /usr/local/cpanel/cgi-sys/ea-php83: PHP Warning: Undefined variable $i in /home/serhi173/public_html/index.html on line 171
[Sun Jun 07 00:54:29.875795 2026] [access_compat:error] [pid 3986570:tid 3986570] [client 47.128.96.166:38126] AH01797: client denied by server configuration: /home/translat/public_html/agencies/res/images/GTE_Localize.Logo-GTELocalize-circle.png, referer: https://www.www2.translationdirectory.com/index.html
[Sun Jun 07 00:54:34.428556 2026] [core:error] [pid 3981741:tid 3981741] [client 78.152.249.89:55721] AH10244: invalid URI path (/../../../img/collage_01.jpg)
[Sun Jun 07 00:54:38.159379 2026] [proxy_fcgi:error] [pid 3986598:tid 3986598] [client 43.172.195.145:33910] AH01071: Got error 'Primary script unknown'
[Sun Jun 07 00:54:51.963975 2026] [proxy_fcgi:error] [pid 3984382:tid 3984382] [client 52.167.144.54:39253] AH01071: Got error 'Primary script unknown'
[Sun Jun 07 00:55:20.860224 2026] [cgi:error] [pid 3986047:tid 3986047] [client 88.230.169.78:65038] AH02811: stderr from /home/serhi173/public_html/korea/wad.cgi: script not found or unable to stat
[Sun Jun 07 00:55:25.762465 2026] [access_compat:error] [pid 3986035:tid 3986035] [client 47.128.96.180:10552] AH01797: client denied by server configuration: /home/translat/public_html/agencies/res/images/GTE_Localize.Logo-GTELocalize-circle.png, referer: https://www2.translationdirectory.com/index.html
[Sun Jun 07 00:56:16.567710 2026] [proxy_fcgi:error] [pid 3986578:tid 3986578] [client 43.166.224.244:50572] AH01071: Got error 'Primary script unknown'
[Sun Jun 07 00:56:21.170527 2026] [access_compat:error] [pid 3987350:tid 3987350] [client 47.128.96.126:24120] AH01797: client denied by server configuration: /home/translat/public_html/agencies/res/images/GTE_Localize.Logo-GTELocalize-circle.png, referer: https://www.www2.translationdirectory.com/index.html
[Sun Jun 07 00:56:21.761901 2026] [access_compat:error] [pid 3984460:tid 3984460] [client 47.128.96.126:39092] AH01797: client denied by server configuration: /home/translat/public_html/agencies/res/images/Ideal_Legal_Translation_and_Businessmen_Services.Logo.jpeg, referer: https://www.www2.translationdirectory.com/index.html
[Sun Jun 07 00:56:25.425547 2026] [access_compat:error] [pid 3985318:tid 3985318] [client 47.128.96.201:65162] AH01797: client denied by server configuration: /home/translat/public_html/agencies/res/images/Ideal_Legal_Translation_and_Businessmen_Services.Logo.jpeg, referer: https://www.www2.translationdirectory.com/index.html
[Sun Jun 07 00:56:48.632888 2026] [cgi:error] [pid 3987574:tid 3987574] [client 14.242.17.79:48426] AH02811: stderr from /home/serhi173/public_html/marshall_islands/wad.cgi: script not found or unable to stat
[Sun Jun 07 00:58:16.058847 2026] [cgi:error] [pid 3987992:tid 3987992] [client 47.128.38.35:36456] AH01215: stderr from /usr/local/cpanel/cgi-sys/ea-php83: PHP Warning: Undefined variable $i in /home/serhi173/public_html/index.html on line 171
