[Sun Jun 07 02:18:55.026934 2026] [proxy_fcgi:error] [pid 4107841:tid 4107841] [client 216.73.217.42:27384] AH01071: Got error 'Primary script unknown'
[Sun Jun 07 02:19:08.422378 2026] [proxy_fcgi:error] [pid 4106121:tid 4106121] [client 3.138.102.179:52986] AH01071: Got error 'Primary script unknown'
[Sun Jun 07 02:19:30.105462 2026] [authz_core:error] [pid 4105527:tid 4105527] [client 43.157.43.147:33150] AH01630: client denied by server configuration: /home/truechri/public_html/php.ini
[Sun Jun 07 02:19:42.857242 2026] [proxy_fcgi:error] [pid 4104339:tid 4104339] [client 74.125.208.162:43402] AH01071: Got error 'Primary script unknown'
[Sun Jun 07 02:19:49.137150 2026] [access_compat:error] [pid 4106121:tid 4106121] [client 43.173.178.89:43946] AH01797: client denied by server configuration: /home/translat/public_html/translators/english_arabic
[Sun Jun 07 02:19:49.137196 2026] [access_compat:error] [pid 4106121:tid 4106121] [client 43.173.178.89:43946] AH01797: client denied by server configuration: /home/translat/public_html/403.shtml
[Sun Jun 07 02:19:52.694241 2026] [access_compat:error] [pid 4108924:tid 4108924] [client 43.173.180.67:39496] AH01797: client denied by server configuration: /home/translat/public_html/translators/english_arabic
[Sun Jun 07 02:19:52.694321 2026] [access_compat:error] [pid 4108924:tid 4108924] [client 43.173.180.67:39496] AH01797: client denied by server configuration: /home/translat/public_html/403.shtml
[Sun Jun 07 02:20:04.458338 2026] [proxy_fcgi:error] [pid 4108924:tid 4108924] [client 43.106.92.174:57582] AH01071: Got error 'Primary script unknown'
[Sun Jun 07 02:20:09.629162 2026] [proxy_fcgi:error] [pid 4106127:tid 4106127] [client 43.106.92.174:45274] AH01071: Got error 'Primary script unknown'
[Sun Jun 07 02:20:26.463113 2026] [cgi:error] [pid 4104313:tid 4104313] [client 27.47.27.182:61173] AH01215: stderr from /usr/local/cpanel/cgi-sys/ea-php83: PHP Warning: Undefined variable $i in /home/serhi173/public_html/index.html on line 171
[Sun Jun 07 02:20:26.463191 2026] [cgi:error] [pid 4104313:tid 4104313] [client 27.47.27.182:61173] AH01215: stderr from /usr/local/cpanel/cgi-sys/ea-php83: PHP Warning: Undefined variable $i in /home/serhi173/public_html/index.html on line 171
[Sun Jun 07 02:20:34.119707 2026] [proxy_fcgi:error] [pid 4110452:tid 4110452] [client 35.216.195.77:39128] AH01071: Got error 'Primary script unknown'
[Sun Jun 07 02:20:34.212958 2026] [cgi:error] [pid 4106127:tid 4106127] [client 116.178.129.224:48460] AH01215: stderr from /usr/local/cpanel/cgi-sys/ea-php83: PHP Warning: Undefined variable $i in /home/serhi173/public_html/index.html on line 171
[Sun Jun 07 02:20:34.213034 2026] [cgi:error] [pid 4106127:tid 4106127] [client 116.178.129.224:48460] AH01215: stderr from /usr/local/cpanel/cgi-sys/ea-php83: PHP Warning: Undefined variable $i in /home/serhi173/public_html/index.html on line 171
[Sun Jun 07 02:20:35.729811 2026] [core:error] [pid 4110597:tid 4110597] [client 108.137.138.203:35730] AH10244: invalid URI path (/agencies/../../img/translation_left_7.jpg)
[Sun Jun 07 02:21:08.910020 2026] [authz_core:error] [pid 4108800:tid 4108800] [client 172.204.27.30:48355] AH01630: client denied by server configuration: /home/truechri/public_html/php.ini
[Sun Jun 07 02:21:18.136766 2026] [proxy_fcgi:error] [pid 4112355:tid 4112355] [client 43.172.196.38:40522] AH01071: Got error 'Primary script unknown', referer: https://www.truechristianity.info/en/saints_en_06/saint_blessed_augustine_en.php
[Sun Jun 07 02:21:23.157937 2026] [proxy_fcgi:error] [pid 4110671:tid 4110671] [client 3.144.230.204:47838] AH01071: Got error 'Primary script unknown'
[Sun Jun 07 02:22:24.349616 2026] [cgi:error] [pid 4114531:tid 4114531] [client 17.246.23.18:47982] AH02811: stderr from /home/serhi173/public_html/brazil/wad.cgi: script not found or unable to stat
[Sun Jun 07 02:22:43.746735 2026] [proxy_fcgi:error] [pid 4110536:tid 4110536] [client 8.229.196.113:42130] AH01071: Got error 'Primary script unknown'
[Sun Jun 07 02:23:22.983567 2026] [proxy_fcgi:error] [pid 4113857:tid 4113857] [client 43.173.178.217:43066] AH01071: Got error 'Primary script unknown', referer: https://www.truechristianity.info/en/the_saints_07/saint_victor_martyr.php
[Sun Jun 07 02:23:39.347284 2026] [cgi:error] [pid 4114328:tid 4114328] [client 91.90.142.7:10400] AH01215: stderr from /usr/local/cpanel/cgi-sys/ea-php83: PHP Warning: Undefined variable $i in /home/serhi173/public_html/index.html on line 171
[Sun Jun 07 02:23:39.347391 2026] [cgi:error] [pid 4114328:tid 4114328] [client 91.90.142.7:10400] AH01215: stderr from /usr/local/cpanel/cgi-sys/ea-php83: PHP Warning: Undefined variable $i in /home/serhi173/public_html/index.html on line 171
[Sun Jun 07 02:24:09.288499 2026] [cgi:error] [pid 4117344:tid 4117344] [client 20.0.53.107:47755] AH01215: stderr from /usr/local/cpanel/cgi-sys/ea-php83: PHP Warning: Undefined variable $i in /home/serhi173/public_html/index.html on line 171
[Sun Jun 07 02:24:09.288570 2026] [cgi:error] [pid 4117344:tid 4117344] [client 20.0.53.107:47755] AH01215: stderr from /usr/local/cpanel/cgi-sys/ea-php83: PHP Warning: Undefined variable $i in /home/serhi173/public_html/index.html on line 171
[Sun Jun 07 02:24:25.824584 2026] [proxy_fcgi:error] [pid 4117642:tid 4117642] [client 43.172.195.80:46582] AH01071: Got error 'Primary script unknown', referer: https://www.truechristianity.info/en/articles/article0206.php
[Sun Jun 07 02:24:49.157126 2026] [core:error] [pid 4116594:tid 4116594] [client 108.137.138.203:47384] AH10244: invalid URI path (/agencies/../../img/translation_left_7.jpg)
[Sun Jun 07 02:24:53.737973 2026] [access_compat:error] [pid 4119427:tid 4119427] [client 43.153.89.94:53739] AH01797: client denied by server configuration: /home/translat/public_html/translators/cvs/liliane_njoh_ngemhe.pdf
[Sun Jun 07 02:24:53.738061 2026] [access_compat:error] [pid 4119427:tid 4119427] [client 43.153.89.94:53739] AH01797: client denied by server configuration: /home/translat/public_html/403.shtml
[Sun Jun 07 02:24:54.070637 2026] [cgi:error] [pid 4119919:tid 4119919] [client 17.241.219.124:47920] AH02811: stderr from /home/serhi173/public_html/india/wad.cgi: script not found or unable to stat
[Sun Jun 07 02:24:54.260971 2026] [access_compat:error] [pid 4117642:tid 4117642] [client 43.173.175.37:36990] AH01797: client denied by server configuration: /home/translat/public_html/translators/english_chinese
[Sun Jun 07 02:24:54.261019 2026] [access_compat:error] [pid 4117642:tid 4117642] [client 43.173.175.37:36990] AH01797: client denied by server configuration: /home/translat/public_html/403.shtml
[Sun Jun 07 02:24:57.630465 2026] [access_compat:error] [pid 4117642:tid 4117642] [client 43.173.181.234:41112] AH01797: client denied by server configuration: /home/translat/public_html/translators/english_chinese
[Sun Jun 07 02:24:57.630518 2026] [access_compat:error] [pid 4117642:tid 4117642] [client 43.173.181.234:41112] AH01797: client denied by server configuration: /home/translat/public_html/403.shtml
[Sun Jun 07 02:25:03.360522 2026] [access_compat:error] [pid 4120337:tid 4120337] [client 43.153.89.94:49161] AH01797: client denied by server configuration: /home/translat/public_html/translators/english_chinese
[Sun Jun 07 02:25:03.360566 2026] [access_compat:error] [pid 4120337:tid 4120337] [client 43.153.89.94:49161] AH01797: client denied by server configuration: /home/translat/public_html/403.shtml
[Sun Jun 07 02:25:03.646866 2026] [cgi:error] [pid 4112527:tid 4112527] [client 43.167.157.80:51572] AH02811: stderr from /home/serhi173/public_html/burma/wad.cgi: script not found or unable to stat
[Sun Jun 07 02:25:42.171924 2026] [proxy_fcgi:error] [pid 4120839:tid 4120839] [client 143.20.253.8:20338] AH01071: Got error 'Primary script unknown'
[Sun Jun 07 02:25:45.836289 2026] [cgi:error] [pid 4120036:tid 4120036] [client 17.241.75.201:34808] AH02811: stderr from /home/serhi173/public_html/japan/wad.cgi: script not found or unable to stat
[Sun Jun 07 02:25:49.233197 2026] [proxy_fcgi:error] [pid 4120826:tid 4120826] [client 177.224.129.77:2998] AH01071: Got error 'Primary script unknown'
[Sun Jun 07 02:25:52.364016 2026] [proxy_fcgi:error] [pid 4120840:tid 4120840] [client 52.167.144.54:35649] AH01071: Got error 'Primary script unknown'
[Sun Jun 07 02:25:53.020552 2026] [proxy_fcgi:error] [pid 4112527:tid 4112527] [client 112.202.34.156:39540] AH01071: Got error 'Primary script unknown'
[Sun Jun 07 02:25:54.444460 2026] [proxy_fcgi:error] [pid 4120826:tid 4120826] [client 43.173.132.89:6320] AH01071: Got error 'Primary script unknown'
[Sun Jun 07 02:25:57.216961 2026] [access_compat:error] [pid 4120840:tid 4120840] [client 43.153.19.174:32113] AH01797: client denied by server configuration: /home/translat/public_html/translators/cvs/osman_atas.pdf
[Sun Jun 07 02:25:57.217034 2026] [access_compat:error] [pid 4120840:tid 4120840] [client 43.153.19.174:32113] AH01797: client denied by server configuration: /home/translat/public_html/403.shtml
[Sun Jun 07 02:26:12.602996 2026] [proxy_fcgi:error] [pid 4117655:tid 4117655] [client 185.191.171.7:52616] AH01071: Got error 'Primary script unknown'
[Sun Jun 07 02:26:21.433167 2026] [proxy_fcgi:error] [pid 4119642:tid 4119642] [client 216.244.66.238:60062] AH01071: Got error 'Primary script unknown'
[Sun Jun 07 02:26:21.448921 2026] [proxy_fcgi:error] [pid 4120827:tid 4120827] [client 216.244.66.238:60064] AH01071: Got error 'Primary script unknown'
[Sun Jun 07 02:26:27.738008 2026] [cgi:error] [pid 4120332:tid 4120332] [client 17.241.219.150:42542] AH02811: stderr from /home/serhi173/public_html/russia/wad.cgi: script not found or unable to stat
[Sun Jun 07 02:26:30.930968 2026] [proxy_fcgi:error] [pid 4119919:tid 4119919] [client 43.173.179.193:55838] AH01071: Got error 'Primary script unknown', referer: https://www.truechristianity.info/en/the_saints_04/saint_leo_the_great.php
[Sun Jun 07 02:26:37.785467 2026] [proxy_fcgi:error] [pid 4113844:tid 4113844] [client 18.97.9.100:25131] AH01071: Got error 'Primary script unknown'
[Sun Jun 07 02:26:43.986121 2026] [proxy_fcgi:error] [pid 4120826:tid 4120826] [client 113.173.119.178:41582] AH01071: Got error 'Primary script unknown', referer: https://www.truechristianity.info/en/saints_en_06/saint_blessed_augustine_en.php
[Sun Jun 07 02:27:39.514889 2026] [access_compat:error] [pid 4120833:tid 4120833] [client 8.231.249.125:38562] AH01797: client denied by server configuration: /home/translat/public_html/agencies/res/images/GTE_Localize.Logo-GTELocalize-circle.png
[Sun Jun 07 02:27:42.972861 2026] [authz_core:error] [pid 4124371:tid 4124371] [client 20.169.78.121:33532] AH01630: client denied by server configuration: /home/truechri/public_html/php.ini
[Sun Jun 07 02:28:04.024217 2026] [proxy_fcgi:error] [pid 4124723:tid 4124723] [client 34.68.245.194:39438] AH01071: Got error 'Primary script unknown'
[Sun Jun 07 02:28:24.781587 2026] [cgi:error] [pid 4124732:tid 4124732] [client 17.241.219.102:38566] AH02811: stderr from /home/serhi173/public_html/czech_republic/wad.cgi: script not found or unable to stat
[Sun Jun 07 02:29:34.593228 2026] [authz_core:error] [pid 4127282:tid 4127282] [client 2.189.5.142:45240] AH01630: client denied by server configuration: /home/truechri/public_html/php.ini
[Sun Jun 07 02:29:52.101083 2026] [cgi:error] [pid 4129342:tid 4129342] [client 190.93.195.12:37158] AH02811: stderr from /home/serhi173/public_html/colombia/wad.cgi: script not found or unable to stat
[Sun Jun 07 02:30:05.838253 2026] [authz_core:error] [pid 4120801:tid 4120801] [client 2.189.5.222:49456] AH01630: client denied by server configuration: /home/truechri/public_html/php.ini
[Sun Jun 07 02:30:12.830142 2026] [core:error] [pid 4127281:tid 4127281] [client 154.85.54.7:18504] AH10244: invalid URI path (/../img/translation_left_7.jpg)
[Sun Jun 07 02:30:51.597667 2026] [proxy_fcgi:error] [pid 4124596:tid 4124596] [client 74.7.230.8:60780] AH01071: Got error 'Primary script unknown'
[Sun Jun 07 02:30:55.512366 2026] [cgi:error] [pid 4124725:tid 4124725] [client 74.7.229.154:41306] AH01215: stderr from /usr/local/cpanel/cgi-sys/ea-php83: PHP Warning: Undefined variable $i in /home/serhi173/public_html/inc/_big_menu_country.php on line 57, referer: https://www.airports-worldwide.com/saudi_arabia.php
[Sun Jun 07 02:30:55.512446 2026] [cgi:error] [pid 4124725:tid 4124725] [client 74.7.229.154:41306] AH01215: stderr from /usr/local/cpanel/cgi-sys/ea-php83: PHP Warning: Undefined variable $i in /home/serhi173/public_html/inc/_big_menu_country.php on line 57, referer: https://www.airports-worldwide.com/saudi_arabia.php
[Sun Jun 07 02:30:57.521494 2026] [cgi:error] [pid 4122935:tid 4122935] [client 74.7.242.39:37330] AH02811: stderr from /home/serhi173/public_html/saudi_arabia/wad.cgi: script not found or unable to stat, referer: https://www.airports-worldwide.com/saudi_arabia/king_abdulaziz_ab_saudi_arabia.php
[Sun Jun 07 02:30:58.767032 2026] [cgi:error] [pid 4128536:tid 4128536] [client 74.7.228.168:52078] AH01215: stderr from /usr/local/cpanel/cgi-sys/ea-php83: PHP Warning: Undefined variable $i in /home/serhi173/public_html/inc/_big_menu_country.php on line 57, referer: https://www.airports-worldwide.com/saudi_arabia.php
[Sun Jun 07 02:30:58.767148 2026] [cgi:error] [pid 4128536:tid 4128536] [client 74.7.228.168:52078] AH01215: stderr from /usr/local/cpanel/cgi-sys/ea-php83: PHP Warning: Undefined variable $i in /home/serhi173/public_html/inc/_big_menu_country.php on line 57, referer: https://www.airports-worldwide.com/saudi_arabia.php
[Sun Jun 07 02:31:00.166723 2026] [cgi:error] [pid 4122935:tid 4122935] [client 74.7.242.39:37330] AH02811: stderr from /home/serhi173/public_html/saudi_arabia/wad.cgi: script not found or unable to stat, referer: https://www.airports-worldwide.com/saudi_arabia/king_abdulaziz_ab_saudi_arabia.php
[Sun Jun 07 02:31:03.421118 2026] [cgi:error] [pid 4122935:tid 4122935] [client 74.7.242.39:37330] AH02811: stderr from /home/serhi173/public_html/saudi_arabia/wad.cgi: script not found or unable to stat, referer: https://www.airports-worldwide.com/saudi_arabia/king_abdulaziz_ab_saudi_arabia.php
[Sun Jun 07 02:31:10.548608 2026] [ssl:error] [pid 4127351:tid 4127351] [client 108.62.103.219:46822] AH02032: Hostname myaccount.lowellsun.com provided via SNI and hostname translationdirectory.com provided via HTTP have no compatible SSL setup for policy 'secure'
[Sun Jun 07 02:31:13.032159 2026] [access_compat:error] [pid 4124727:tid 4124727] [client 47.128.96.195:20110] AH01797: client denied by server configuration: /home/translat/public_html/agencies/res/images/Ideal_Legal_Translation_and_Businessmen_Services.Logo.jpeg, referer: https://www.www2.translationdirectory.com/index.html
[Sun Jun 07 02:31:13.880635 2026] [cgi:error] [pid 4129343:tid 4129343] [client 74.7.242.141:50720] AH01215: stderr from /usr/local/cpanel/cgi-sys/ea-php83: PHP Warning: Undefined variable $i in /home/serhi173/public_html/netherlands.html on line 120, referer: https://www.airports-worldwide.com/saudi_arabia.php
[Sun Jun 07 02:31:13.880712 2026] [cgi:error] [pid 4129343:tid 4129343] [client 74.7.242.141:50720] AH01215: stderr from /usr/local/cpanel/cgi-sys/ea-php83: PHP Warning: Undefined variable $i in /home/serhi173/public_html/netherlands.html on line 120, referer: https://www.airports-worldwide.com/saudi_arabia.php
[Sun Jun 07 02:31:21.818413 2026] [cgi:error] [pid 4120151:tid 4120151] [client 74.7.229.162:58226] AH01215: stderr from /usr/local/cpanel/cgi-sys/ea-php83: PHP Warning: Undefined variable $i in /home/serhi173/public_html/inc/_big_menu_country.php on line 57, referer: https://www.airports-worldwide.com/saudi_arabia.php
[Sun Jun 07 02:31:21.818486 2026] [cgi:error] [pid 4120151:tid 4120151] [client 74.7.229.162:58226] AH01215: stderr from /usr/local/cpanel/cgi-sys/ea-php83: PHP Warning: Undefined variable $i in /home/serhi173/public_html/inc/_big_menu_country.php on line 57, referer: https://www.airports-worldwide.com/saudi_arabia.php
[Sun Jun 07 02:31:32.722749 2026] [cgi:error] [pid 4133469:tid 4133469] [client 74.7.228.168:41822] AH01215: stderr from /usr/local/cpanel/cgi-sys/ea-php83: PHP Warning: Undefined variable $i in /home/serhi173/public_html/inc/_big_menu_country.php on line 57, referer: https://www.airports-worldwide.com/saudi_arabia.php
[Sun Jun 07 02:31:32.722839 2026] [cgi:error] [pid 4133469:tid 4133469] [client 74.7.228.168:41822] AH01215: stderr from /usr/local/cpanel/cgi-sys/ea-php83: PHP Warning: Undefined variable $i in /home/serhi173/public_html/inc/_big_menu_country.php on line 57, referer: https://www.airports-worldwide.com/saudi_arabia.php
[Sun Jun 07 02:31:33.625008 2026] [cgi:error] [pid 4133472:tid 4133472] [client 74.7.228.253:51306] AH01215: stderr from /usr/local/cpanel/cgi-sys/ea-php83: PHP Warning: Undefined variable $i in /home/serhi173/public_html/inc/_big_menu_country.php on line 57, referer: https://www.airports-worldwide.com/saudi_arabia.php
[Sun Jun 07 02:31:33.625081 2026] [cgi:error] [pid 4133472:tid 4133472] [client 74.7.228.253:51306] AH01215: stderr from /usr/local/cpanel/cgi-sys/ea-php83: PHP Warning: Undefined variable $i in /home/serhi173/public_html/inc/_big_menu_country.php on line 57, referer: https://www.airports-worldwide.com/saudi_arabia.php
[Sun Jun 07 02:31:34.505836 2026] [cgi:error] [pid 4133470:tid 4133470] [client 74.7.242.141:43394] AH01215: stderr from /usr/local/cpanel/cgi-sys/ea-php83: PHP Warning: Undefined variable $i in /home/serhi173/public_html/inc/_big_menu_country.php on line 57, referer: https://www.airports-worldwide.com/saudi_arabia.php
[Sun Jun 07 02:31:34.505916 2026] [cgi:error] [pid 4133470:tid 4133470] [client 74.7.242.141:43394] AH01215: stderr from /usr/local/cpanel/cgi-sys/ea-php83: PHP Warning: Undefined variable $i in /home/serhi173/public_html/inc/_big_menu_country.php on line 57, referer: https://www.airports-worldwide.com/saudi_arabia.php
[Sun Jun 07 02:31:36.757420 2026] [proxy_fcgi:error] [pid 4108864:tid 4108864] [client 14.181.46.220:42507] AH01071: Got error 'Primary script unknown', referer: https://www.truechristianity.info/en/the_saints_07/saint_victor_martyr.php
[Sun Jun 07 02:31:40.544446 2026] [cgi:error] [pid 4133471:tid 4133471] [client 74.7.242.39:52182] AH02811: stderr from /home/serhi173/public_html/saudi_arabia/wad.cgi: script not found or unable to stat, referer: https://www.airports-worldwide.com/saudi_arabia/tabuk_saudi_arabia.php
[Sun Jun 07 02:31:42.335967 2026] [cgi:error] [pid 4132012:tid 4132012] [client 200.192.99.196:47515] AH02811: stderr from /home/serhi173/public_html/lithuania/wad.cgi: script not found or unable to stat
[Sun Jun 07 02:31:43.392638 2026] [cgi:error] [pid 4133471:tid 4133471] [client 74.7.242.39:52182] AH02811: stderr from /home/serhi173/public_html/saudi_arabia/wad.cgi: script not found or unable to stat, referer: https://www.airports-worldwide.com/saudi_arabia/tabuk_saudi_arabia.php
[Sun Jun 07 02:31:46.596187 2026] [cgi:error] [pid 4133471:tid 4133471] [client 74.7.242.39:52182] AH02811: stderr from /home/serhi173/public_html/saudi_arabia/wad.cgi: script not found or unable to stat, referer: https://www.airports-worldwide.com/saudi_arabia/tabuk_saudi_arabia.php
[Sun Jun 07 02:31:46.957185 2026] [cgi:error] [pid 4133472:tid 4133472] [client 74.7.228.253:51306] AH01215: stderr from /usr/local/cpanel/cgi-sys/ea-php83: PHP Warning: Undefined variable $i in /home/serhi173/public_html/inc/_big_menu_country.php on line 57, referer: https://www.airports-worldwide.com/saudi_arabia.php
[Sun Jun 07 02:31:46.957261 2026] [cgi:error] [pid 4133472:tid 4133472] [client 74.7.228.253:51306] AH01215: stderr from /usr/local/cpanel/cgi-sys/ea-php83: PHP Warning: Undefined variable $i in /home/serhi173/public_html/inc/_big_menu_country.php on line 57, referer: https://www.airports-worldwide.com/saudi_arabia.php
[Sun Jun 07 02:31:58.270180 2026] [cgi:error] [pid 4120801:tid 4120801] [client 17.241.75.241:34514] AH02811: stderr from /home/serhi173/public_html/iran/wad.cgi: script not found or unable to stat
[Sun Jun 07 02:32:04.485968 2026] [proxy_fcgi:error] [pid 4133465:tid 4133465] [client 52.167.144.233:14029] AH01071: Got error 'Primary script unknown'
[Sun Jun 07 02:32:06.180647 2026] [proxy_fcgi:error] [pid 4131399:tid 4131399] [client 20.15.133.184:39617] AH01071: Got error 'Primary script unknown'
[Sun Jun 07 02:32:33.872283 2026] [cgi:error] [pid 4131924:tid 4131924] [client 74.7.228.244:60110] AH01215: stderr from /usr/local/cpanel/cgi-sys/ea-php83: PHP Warning: Undefined variable $i in /home/serhi173/public_html/inc/_big_menu_country.php on line 57, referer: https://www.airports-worldwide.com/saudi_arabia.php
[Sun Jun 07 02:32:33.872393 2026] [cgi:error] [pid 4131924:tid 4131924] [client 74.7.228.244:60110] AH01215: stderr from /usr/local/cpanel/cgi-sys/ea-php83: PHP Warning: Undefined variable $i in /home/serhi173/public_html/inc/_big_menu_country.php on line 57, referer: https://www.airports-worldwide.com/saudi_arabia.php
[Sun Jun 07 02:32:34.375185 2026] [cgi:error] [pid 4136423:tid 4136423] [client 74.7.229.162:55946] AH01215: stderr from /usr/local/cpanel/cgi-sys/ea-php83: PHP Warning: Undefined variable $i in /home/serhi173/public_html/australia.html on line 124, referer: https://www.airports-worldwide.com/saudi_arabia.php
[Sun Jun 07 02:32:34.375252 2026] [cgi:error] [pid 4136423:tid 4136423] [client 74.7.229.162:55946] AH01215: stderr from /usr/local/cpanel/cgi-sys/ea-php83: PHP Warning: Undefined variable $i in /home/serhi173/public_html/australia.html on line 124, referer: https://www.airports-worldwide.com/saudi_arabia.php
[Sun Jun 07 02:32:44.645453 2026] [cgi:error] [pid 4136364:tid 4136364] [client 178.88.222.80:52132] AH02811: stderr from /home/serhi173/public_html/cape_verde/wad.cgi: script not found or unable to stat
[Sun Jun 07 02:33:07.596140 2026] [proxy_fcgi:error] [pid 4137244:tid 4137244] [client 5.255.231.11:50908] AH01071: Got error 'Primary script unknown'
[Sun Jun 07 02:33:26.195765 2026] [cgi:error] [pid 4136302:tid 4136302] [client 108.130.245.175:57712] AH01215: stderr from /usr/local/cpanel/cgi-sys/ea-php83: PHP Warning: Undefined variable $i in /home/serhi173/public_html/index.html on line 171
[Sun Jun 07 02:33:26.195833 2026] [cgi:error] [pid 4136302:tid 4136302] [client 108.130.245.175:57712] AH01215: stderr from /usr/local/cpanel/cgi-sys/ea-php83: PHP Warning: Undefined variable $i in /home/serhi173/public_html/index.html on line 171
[Sun Jun 07 02:33:32.845177 2026] [proxy_fcgi:error] [pid 4131399:tid 4131399] [client 14.165.157.41:55327] AH01071: Got error 'Primary script unknown', referer: https://www.truechristianity.info/en/articles/article0206.php
[Sun Jun 07 02:34:35.917847 2026] [cgi:error] [pid 4136302:tid 4136302] [client 52.154.22.51:62990] AH01215: stderr from /usr/local/cpanel/cgi-sys/ea-php83: PHP Warning: Undefined variable $i in /home/serhi173/public_html/index.html on line 171
[Sun Jun 07 02:34:35.917914 2026] [cgi:error] [pid 4136302:tid 4136302] [client 52.154.22.51:62990] AH01215: stderr from /usr/local/cpanel/cgi-sys/ea-php83: PHP Warning: Undefined variable $i in /home/serhi173/public_html/index.html on line 171
[Sun Jun 07 02:34:49.135227 2026] [authz_core:error] [pid 4144602:tid 4144602] [client 156.214.35.101:58543] AH01630: client denied by server configuration: /home/truechri/public_html/php.ini
[Sun Jun 07 02:34:55.121164 2026] [proxy_fcgi:error] [pid 4130394:tid 4130394] [client 74.7.227.182:46560] AH01071: Got error 'Primary script unknown', referer: http://truechristianity.info/en/prayers_en/prayers_following_canon1.php
[Sun Jun 07 02:35:00.936990 2026] [proxy_fcgi:error] [pid 4130394:tid 4130394] [client 74.7.227.182:46560] AH01071: Got error 'Primary script unknown', referer: http://truechristianity.info/en/prayers_en/prayers_following_canon1.php
[Sun Jun 07 02:35:01.493236 2026] [proxy_fcgi:error] [pid 4130394:tid 4130394] [client 74.7.227.182:46560] AH01071: Got error 'Primary script unknown', referer: http://truechristianity.info/en/prayers_en/prayers_following_canon1.php
[Sun Jun 07 02:35:02.059942 2026] [proxy_fcgi:error] [pid 4130394:tid 4130394] [client 74.7.227.182:46560] AH01071: Got error 'Primary script unknown', referer: http://truechristianity.info/en/prayers_en/prayers_following_canon1.php
[Sun Jun 07 02:35:06.602608 2026] [proxy_fcgi:error] [pid 4144404:tid 4144404] [client 51.68.236.73:11823] AH01071: Got error 'Primary script unknown'
[Sun Jun 07 02:35:06.721632 2026] [authz_core:error] [pid 4144404:tid 4144404] [client 51.68.236.73:11823] AH01630: client denied by server configuration: /home/truechri/public_html/php.ini
[Sun Jun 07 02:35:29.112455 2026] [proxy_fcgi:error] [pid 4144602:tid 4144602] [client 43.172.194.14:40420] AH01071: Got error 'Primary script unknown'
[Sun Jun 07 02:36:19.429210 2026] [cgi:error] [pid 4149526:tid 4149526] [client 191.82.253.181:59052] AH02811: stderr from /home/serhi173/public_html/mexico/wad.cgi: script not found or unable to stat
[Sun Jun 07 02:36:29.442308 2026] [proxy_fcgi:error] [pid 4149596:tid 4149596] [client 43.172.196.238:51342] AH01071: Got error 'Primary script unknown'
[Sun Jun 07 02:36:45.331563 2026] [proxy_fcgi:error] [pid 4126371:tid 4126371] [client 194.39.227.113:33664] AH01071: Got error 'Primary script unknown', referer: https://www.truechristianity.info
[Sun Jun 07 02:37:01.210728 2026] [access_compat:error] [pid 4116538:tid 4116538] [client 47.128.96.126:48742] AH01797: client denied by server configuration: /home/translat/public_html/agencies/res/images/Ideal_Legal_Translation_and_Businessmen_Services.Logo.jpeg, referer: https://www.www2.translationdirectory.com/index.html
[Sun Jun 07 02:37:33.019725 2026] [proxy_fcgi:error] [pid 4141471:tid 4141471] [client 74.7.241.157:41072] AH01071: Got error 'Primary script unknown'
[Sun Jun 07 02:37:44.845305 2026] [proxy_fcgi:error] [pid 4129269:tid 4129269] [client 123.24.14.89:44069] AH01071: Got error 'Primary script unknown', referer: https://www.truechristianity.info/en/the_saints_04/saint_leo_the_great.php
[Sun Jun 07 02:37:45.917952 2026] [proxy_fcgi:error] [pid 4153865:tid 4153865] [client 85.208.96.201:14664] AH01071: Got error 'Primary script unknown'
[Sun Jun 07 02:38:27.771990 2026] [proxy_fcgi:error] [pid 4149527:tid 4149527] [client 58.19.82.216:53677] AH01071: Got error 'Primary script unknown'
[Sun Jun 07 02:38:38.544901 2026] [proxy_fcgi:error] [pid 4154525:tid 4154525] [client 174.224.252.191:6773] AH01071: Got error 'Primary script unknown'
[Sun Jun 07 02:38:38.890834 2026] [proxy_fcgi:error] [pid 4151918:tid 4151918] [client 174.224.252.191:6778] AH01071: Got error 'Primary script unknown'
[Sun Jun 07 02:38:38.897982 2026] [proxy_fcgi:error] [pid 4153865:tid 4153865] [client 174.224.252.191:6775] AH01071: Got error 'Primary script unknown'
[Sun Jun 07 02:38:58.508008 2026] [authz_core:error] [pid 4157248:tid 4157248] [client 70.153.76.23:39946] AH01630: client denied by server configuration: /home/truechri/public_html/php.ini
[Sun Jun 07 02:38:58.730129 2026] [proxy_fcgi:error] [pid 4148746:tid 4148746] [client 50.114.172.86:53667] AH01071: Got error 'Primary script unknown'
[Sun Jun 07 02:39:03.329636 2026] [access_compat:error] [pid 4157244:tid 4157244] [client 43.173.176.134:36052] AH01797: client denied by server configuration: /home/translat/public_html/translator_directory.htm
[Sun Jun 07 02:39:06.017320 2026] [cgi:error] [pid 4141471:tid 4141471] [client 14.244.96.204:49416] AH02811: stderr from /home/serhi173/public_html/mexico/wad.cgi: script not found or unable to stat
[Sun Jun 07 02:39:09.978402 2026] [proxy_fcgi:error] [pid 4151918:tid 4151918] [client 50.114.172.86:58427] AH01071: Got error 'Primary script unknown'
[Sun Jun 07 02:39:12.418430 2026] [authz_core:error] [pid 4144404:tid 4144404] [client 203.175.125.116:59309] AH01630: client denied by server configuration: /home/truechri/public_html/php.ini
[Sun Jun 07 02:39:15.830126 2026] [cgi:error] [pid 4154735:tid 4154735] [client 17.241.75.183:42204] AH02811: stderr from /home/serhi173/public_html/switzerland/wad.cgi: script not found or unable to stat
[Sun Jun 07 02:39:17.765317 2026] [proxy_fcgi:error] [pid 4144404:tid 4144404] [client 203.175.125.116:59567] AH01071: Got error 'Primary script unknown'
[Sun Jun 07 02:39:47.616021 2026] [proxy_fcgi:error] [pid 4154790:tid 4154790] [client 18.117.99.117:36202] AH01071: Got error 'Primary script unknown'
[Sun Jun 07 02:39:58.870828 2026] [proxy_fcgi:error] [pid 4149525:tid 4149525] [client 3.143.116.223:50368] AH01071: Got error 'Primary script unknown'
[Sun Jun 07 02:40:04.872044 2026] [proxy_fcgi:error] [pid 4136365:tid 4136365] [client 74.7.227.182:50166] AH01071: Got error 'Primary script unknown', referer: http://truechristianity.info/ua/tsytaty_pro_strazhdannia.php
[Sun Jun 07 02:40:16.588521 2026] [access_compat:error] [pid 4159141:tid 4159141] [client 47.128.96.169:52696] AH01797: client denied by server configuration: /home/translat/public_html/agencies/res/images/GTE_Localize.Logo-GTELocalize-circle.png, referer: https://www.www2.translationdirectory.com/index.html
[Sun Jun 07 02:40:22.090844 2026] [proxy_fcgi:error] [pid 4159577:tid 4159577] [client 74.7.230.8:38948] AH01071: Got error 'Primary script unknown'
[Sun Jun 07 02:40:34.841578 2026] [proxy_fcgi:error] [pid 4158259:tid 4158259] [client 157.55.39.195:3921] AH01071: Got error 'Primary script unknown'
[Sun Jun 07 02:40:39.586329 2026] [proxy_fcgi:error] [pid 4157181:tid 4157181] [client 203.175.125.116:64529] AH01071: Got error 'Primary script unknown'
[Sun Jun 07 02:40:43.734562 2026] [authz_core:error] [pid 4159639:tid 4159639] [client 2.189.5.162:48774] AH01630: client denied by server configuration: /home/truechri/public_html/php.ini
[Sun Jun 07 02:40:53.965029 2026] [access_compat:error] [pid 4159255:tid 4159255] [client 116.179.37.11:11996] AH01797: client denied by server configuration: /home/translat/public_html/agencies/res/images/GTE_Localize.Logo-GTELocalize-circle.png, referer: https://translationdirectory.com/
[Sun Jun 07 02:41:07.350046 2026] [access_compat:error] [pid 4159577:tid 4159577] [client 43.173.180.189:34940] AH01797: client denied by server configuration: /home/translat/public_html/translator_directory.htm
[Sun Jun 07 02:41:13.139826 2026] [proxy_fcgi:error] [pid 4157181:tid 4157181] [client 203.175.125.116:50458] AH01071: Got error 'Primary script unknown'
[Sun Jun 07 02:41:13.758494 2026] [proxy_fcgi:error] [pid 4132356:tid 4132356] [client 18.219.242.73:45584] AH01071: Got error 'Primary script unknown'
[Sun Jun 07 02:41:15.435011 2026] [access_compat:error] [pid 4127282:tid 4127282] [client 43.173.179.38:59338] AH01797: client denied by server configuration: /home/translat/public_html/translator_directory.htm
[Sun Jun 07 02:41:23.032678 2026] [proxy_fcgi:error] [pid 4162943:tid 4162943] [client 3.145.47.213:41972] AH01071: Got error 'Primary script unknown'
[Sun Jun 07 02:41:38.085076 2026] [access_compat:error] [pid 4158258:tid 4158258] [client 47.128.96.145:40212] AH01797: client denied by server configuration: /home/translat/public_html/agencies/res/images/GTE_Localize.Logo-GTELocalize-circle.png, referer: https://www2.translationdirectory.com/index.html
[Sun Jun 07 02:41:59.976574 2026] [proxy_fcgi:error] [pid 4158258:tid 4158258] [client 203.175.125.116:53300] AH01071: Got error 'Primary script unknown'
[Sun Jun 07 02:42:06.676238 2026] [access_compat:error] [pid 4149594:tid 4149594] [client 116.179.37.113:18813] AH01797: client denied by server configuration: /home/translat/public_html/agencies/res/images/GTE_Localize.Logo-GTELocalize-circle.png, referer: https://www.translationdirectory.com/index.html
[Sun Jun 07 02:42:36.522167 2026] [cgi:error] [pid 4153866:tid 4153866] [client 37.205.114.245:47136] AH02811: stderr from /home/serhi173/public_html/namibia/wad.cgi: script not found or unable to stat
[Sun Jun 07 02:43:34.657916 2026] [proxy_fcgi:error] [pid 4157244:tid 4157244] [client 157.55.39.59:12743] AH01071: Got error 'Primary script unknown'
[Sun Jun 07 02:43:43.320044 2026] [proxy_fcgi:error] [pid 4149527:tid 4149527] [client 203.175.125.116:59812] AH01071: Got error 'Primary script unknown'
[Sun Jun 07 02:43:46.788545 2026] [proxy_fcgi:error] [pid 4169612:tid 4169612] [client 3.17.70.219:34560] AH01071: Got error 'Primary script unknown'
[Sun Jun 07 02:43:51.441184 2026] [proxy_fcgi:error] [pid 4158259:tid 4158259] [client 18.216.198.126:43886] AH01071: Got error 'Primary script unknown'
[Sun Jun 07 02:43:56.226819 2026] [access_compat:error] [pid 4137399:tid 4137399] [client 47.128.96.189:47896] AH01797: client denied by server configuration: /home/translat/public_html/agencies/res/images/GTE_Localize.Logo-GTELocalize-circle.png, referer: https://www.www2.translationdirectory.com/index.html
[Sun Jun 07 02:44:03.833188 2026] [cgi:error] [pid 4162942:tid 4162942] [client 177.35.230.190:45440] AH02811: stderr from /home/serhi173/public_html/india/wad.cgi: script not found or unable to stat
[Sun Jun 07 02:44:40.275173 2026] [cgi:error] [pid 4174425:tid 4174425] [client 171.236.56.177:9630] AH01215: stderr from /usr/local/cpanel/cgi-sys/ea-php83: PHP Warning: Undefined variable $i in /home/serhi173/public_html/index.html on line 171
[Sun Jun 07 02:44:40.275255 2026] [cgi:error] [pid 4174425:tid 4174425] [client 171.236.56.177:9630] AH01215: stderr from /usr/local/cpanel/cgi-sys/ea-php83: PHP Warning: Undefined variable $i in /home/serhi173/public_html/index.html on line 171
[Sun Jun 07 02:44:40.932540 2026] [cgi:error] [pid 4174427:tid 4174427] [client 117.231.176.151:61443] AH01215: stderr from /usr/local/cpanel/cgi-sys/ea-php83: PHP Warning: Undefined variable $i in /home/serhi173/public_html/index.html on line 171
[Sun Jun 07 02:44:40.932625 2026] [cgi:error] [pid 4174427:tid 4174427] [client 117.231.176.151:61443] AH01215: stderr from /usr/local/cpanel/cgi-sys/ea-php83: PHP Warning: Undefined variable $i in /home/serhi173/public_html/index.html on line 171
[Sun Jun 07 02:44:41.645090 2026] [cgi:error] [pid 4162515:tid 4162515] [client 181.46.66.32:43318] AH02811: stderr from /home/serhi173/public_html/mozambique/wad.cgi: script not found or unable to stat
[Sun Jun 07 02:44:46.286249 2026] [cgi:error] [pid 4173919:tid 4173919] [client 178.250.7.94:22553] AH01215: stderr from /usr/local/cpanel/cgi-sys/ea-php83: PHP Warning: Undefined variable $i in /home/serhi173/public_html/index.html on line 171
[Sun Jun 07 02:44:46.286372 2026] [cgi:error] [pid 4173919:tid 4173919] [client 178.250.7.94:22553] AH01215: stderr from /usr/local/cpanel/cgi-sys/ea-php83: PHP Warning: Undefined variable $i in /home/serhi173/public_html/index.html on line 171
[Sun Jun 07 02:44:50.129187 2026] [cgi:error] [pid 4157242:tid 4157242] [client 182.161.73.9:5637] AH01215: stderr from /usr/local/cpanel/cgi-sys/ea-php83: PHP Warning: Undefined variable $i in /home/serhi173/public_html/index.html on line 171
[Sun Jun 07 02:44:50.129272 2026] [cgi:error] [pid 4157242:tid 4157242] [client 182.161.73.9:5637] AH01215: stderr from /usr/local/cpanel/cgi-sys/ea-php83: PHP Warning: Undefined variable $i in /home/serhi173/public_html/index.html on line 171
[Sun Jun 07 02:44:56.373297 2026] [cgi:error] [pid 4154791:tid 4154791] [client 72.186.121.224:36475] AH01215: stderr from /usr/local/cpanel/cgi-sys/ea-php83: PHP Warning: Undefined variable $i in /home/serhi173/public_html/index.html on line 171
[Sun Jun 07 02:44:56.373389 2026] [cgi:error] [pid 4154791:tid 4154791] [client 72.186.121.224:36475] AH01215: stderr from /usr/local/cpanel/cgi-sys/ea-php83: PHP Warning: Undefined variable $i in /home/serhi173/public_html/index.html on line 171
[Sun Jun 07 02:45:03.709208 2026] [cgi:error] [pid 4120802:tid 4120802] [client 74.119.118.199:21747] AH01215: stderr from /usr/local/cpanel/cgi-sys/ea-php83: PHP Warning: Undefined variable $i in /home/serhi173/public_html/index.html on line 171
[Sun Jun 07 02:45:03.709298 2026] [cgi:error] [pid 4120802:tid 4120802] [client 74.119.118.199:21747] AH01215: stderr from /usr/local/cpanel/cgi-sys/ea-php83: PHP Warning: Undefined variable $i in /home/serhi173/public_html/index.html on line 171
[Sun Jun 07 02:46:06.729597 2026] [proxy_fcgi:error] [pid 4176767:tid 4176767] [client 203.175.125.116:52418] AH01071: Got error 'Primary script unknown'
[Sun Jun 07 02:46:22.511873 2026] [access_compat:error] [pid 4180343:tid 4180343] [client 47.128.96.194:36316] AH01797: client denied by server configuration: /home/translat/public_html/agencies/res/images/Ideal_Legal_Translation_and_Businessmen_Services.Logo.jpeg, referer: https://www.www2.translationdirectory.com/index.html
[Sun Jun 07 02:46:23.067736 2026] [access_compat:error] [pid 4144531:tid 4144531] [client 47.128.96.194:54642] AH01797: client denied by server configuration: /home/translat/public_html/agencies/res/images/GTE_Localize.Logo-GTELocalize-circle.png, referer: https://www.www2.translationdirectory.com/index.html
[Sun Jun 07 02:46:26.062081 2026] [ssl:error] [pid 4180408:tid 4180408] [client 82.165.85.234:37774] AH02032: Hostname all-polls.com (default host as no SNI was provided) and hostname www.translationdirectory.com provided via HTTP have no compatible SSL setup for policy 'secure'
[Sun Jun 07 02:46:26.063168 2026] [ssl:error] [pid 4169274:tid 4169274] [client 82.165.85.234:37758] AH02032: Hostname all-polls.com (default host as no SNI was provided) and hostname www.translationdirectory.com provided via HTTP have no compatible SSL setup for policy 'secure'
[Sun Jun 07 02:46:30.563216 2026] [cgi:error] [pid 4179989:tid 4179989] [client 17.241.75.69:34056] AH02811: stderr from /home/serhi173/public_html/switzerland/wad.cgi: script not found or unable to stat
[Sun Jun 07 02:46:42.085743 2026] [proxy_fcgi:error] [pid 4168570:tid 4168570] [client 136.117.183.49:60124] AH01071: Got error 'Primary script unknown'
[Sun Jun 07 02:46:47.792443 2026] [access_compat:error] [pid 4120802:tid 4120802] [client 47.128.96.206:12926] AH01797: client denied by server configuration: /home/translat/public_html/agencies/res/images/Ideal_Legal_Translation_and_Businessmen_Services.Logo.jpeg, referer: https://www2.translationdirectory.com/index.html
[Sun Jun 07 02:46:48.389740 2026] [access_compat:error] [pid 4137401:tid 4137401] [client 47.128.96.206:34838] AH01797: client denied by server configuration: /home/translat/public_html/agencies/res/images/GTE_Localize.Logo-GTELocalize-circle.png, referer: https://www2.translationdirectory.com/index.html
[Sun Jun 07 02:47:38.819534 2026] [proxy_fcgi:error] [pid 4180468:tid 4180468] [client 52.167.144.158:12752] AH01071: Got error 'Primary script unknown'
[Sun Jun 07 02:47:41.856789 2026] [proxy_fcgi:error] [pid 4174426:tid 4174426] [client 74.7.227.182:60210] AH01071: Got error 'Primary script unknown', referer: http://truechristianity.info/inc/ask_priest_questions.php
[Sun Jun 07 02:47:52.392422 2026] [proxy_fcgi:error] [pid 4176768:tid 4176768] [client 203.175.125.116:59281] AH01071: Got error 'Primary script unknown'
[Sun Jun 07 02:48:00.867719 2026] [cgi:error] [pid 4179991:tid 4179991] [client 4.196.198.82:7404] AH01215: stderr from /usr/local/cpanel/cgi-sys/ea-php83: PHP Warning: Undefined variable $i in /home/serhi173/public_html/index.html on line 171
[Sun Jun 07 02:48:00.867801 2026] [cgi:error] [pid 4179991:tid 4179991] [client 4.196.198.82:7404] AH01215: stderr from /usr/local/cpanel/cgi-sys/ea-php83: PHP Warning: Undefined variable $i in /home/serhi173/public_html/index.html on line 171
[Sun Jun 07 02:48:02.824528 2026] [cgi:error] [pid 4182828:tid 4182828] [client 27.115.124.101:54334] AH01215: stderr from /usr/local/cpanel/cgi-sys/ea-php83: PHP Warning: Undefined variable $i in /home/serhi173/public_html/index.html on line 171
[Sun Jun 07 02:48:02.824597 2026] [cgi:error] [pid 4182828:tid 4182828] [client 27.115.124.101:54334] AH01215: stderr from /usr/local/cpanel/cgi-sys/ea-php83: PHP Warning: Undefined variable $i in /home/serhi173/public_html/index.html on line 171
[Sun Jun 07 02:48:08.845239 2026] [access_compat:error] [pid 4187006:tid 4187006] [client 47.128.96.13:34070] AH01797: client denied by server configuration: /home/translat/public_html/agencies/res/images/GTE_Localize.Logo-GTELocalize-circle.png, referer: https://www.www2.translationdirectory.com/index.html
[Sun Jun 07 02:48:12.138795 2026] [access_compat:error] [pid 4187157:tid 4187157] [client 47.128.96.208:21118] AH01797: client denied by server configuration: /home/translat/public_html/agencies/res/images/GTE_Localize.Logo-GTELocalize-circle.png, referer: https://www2.translationdirectory.com/index.html
[Sun Jun 07 02:48:12.329740 2026] [access_compat:error] [pid 4187157:tid 4187157] [client 47.128.96.208:21118] AH01797: client denied by server configuration: /home/translat/public_html/agencies/res/images/Ideal_Legal_Translation_and_Businessmen_Services.Logo.jpeg, referer: https://www2.translationdirectory.com/index.html
[Sun Jun 07 02:48:24.700205 2026] [proxy_fcgi:error] [pid 4187073:tid 4187073] [client 178.151.245.162:33110] AH01071: Got error 'Primary script unknown'
[Sun Jun 07 02:48:31.317002 2026] [proxy_fcgi:error] [pid 4180466:tid 4180466] [client 178.151.245.162:39524] AH01071: Got error 'Primary script unknown'
[Sun Jun 07 02:48:34.872822 2026] [proxy_fcgi:error] [pid 4180470:tid 4180470] [client 66.249.93.197:51009] AH01071: Got error 'Primary script unknown'
[Sun Jun 07 02:48:34.964182 2026] [proxy_fcgi:error] [pid 4179991:tid 4179991] [client 142.250.33.32:38293] AH01071: Got error 'Primary script unknown'
[Sun Jun 07 02:48:46.391904 2026] [proxy_fcgi:error] [pid 4182828:tid 4182828] [client 203.175.125.116:62388] AH01071: Got error 'Primary script unknown'
[Sun Jun 07 02:49:47.609251 2026] [proxy_fcgi:error] [pid 4192418:tid 4192418] [client 91.247.182.125:55103] AH01071: Got error 'Primary script unknown'
[Sun Jun 07 02:49:47.753154 2026] [proxy_fcgi:error] [pid 4192360:tid 4192360] [client 91.247.182.125:55107] AH01071: Got error 'Primary script unknown'
[Sun Jun 07 02:49:47.757516 2026] [proxy_fcgi:error] [pid 4192479:tid 4192479] [client 91.247.182.125:55106] AH01071: Got error 'Primary script unknown'
[Sun Jun 07 02:49:47.912207 2026] [proxy_fcgi:error] [pid 4187160:tid 4187160] [client 91.247.182.125:55109] AH01071: Got error 'Primary script unknown'
[Sun Jun 07 02:49:48.066178 2026] [proxy_fcgi:error] [pid 4187160:tid 4187160] [client 91.247.182.125:55109] AH01071: Got error 'Primary script unknown'
[Sun Jun 07 02:49:48.198217 2026] [proxy_fcgi:error] [pid 4187160:tid 4187160] [client 91.247.182.125:55109] AH01071: Got error 'Primary script unknown'
[Sun Jun 07 02:49:48.359204 2026] [proxy_fcgi:error] [pid 4187160:tid 4187160] [client 91.247.182.125:55109] AH01071: Got error 'Primary script unknown'
[Sun Jun 07 02:49:56.762404 2026] [authz_core:error] [pid 4151708:tid 4151708] [client 104.164.126.203:42576] AH01630: client denied by server configuration: /home/truechri/public_html/php.ini
[Sun Jun 07 02:50:04.027449 2026] [proxy_fcgi:error] [pid 4179991:tid 4179991] [client 203.175.125.116:51411] AH01071: Got error 'Primary script unknown'
[Sun Jun 07 02:50:04.346171 2026] [proxy_fcgi:error] [pid 4187080:tid 4187080] [client 104.210.140.135:57202] AH01071: Got error 'Primary script unknown'
[Sun Jun 07 02:50:04.804777 2026] [proxy_fcgi:error] [pid 4176774:tid 4176774] [client 178.151.245.162:33084] AH01071: Got error 'Primary script unknown'
[Sun Jun 07 02:50:05.710701 2026] [proxy_fcgi:error] [pid 4182424:tid 4182424] [client 104.210.140.139:41947] AH01071: Got error 'Primary script unknown'
[Sun Jun 07 02:50:06.201633 2026] [authz_core:error] [pid 4176774:tid 4176774] [client 178.151.245.162:33084] AH01630: client denied by server configuration: /home/truechri/public_html/php.ini
[Sun Jun 07 02:50:07.794575 2026] [authz_core:error] [pid 4176774:tid 4176774] [client 178.151.245.162:33084] AH01630: client denied by server configuration: /home/truechri/public_html/php.ini
[Sun Jun 07 02:50:08.753948 2026] [authz_core:error] [pid 4192418:tid 4192418] [client 2.189.5.142:43330] AH01630: client denied by server configuration: /home/truechri/public_html/php.ini
[Sun Jun 07 02:50:09.419351 2026] [authz_core:error] [pid 4176774:tid 4176774] [client 178.151.245.162:33084] AH01630: client denied by server configuration: /home/truechri/public_html/php.ini
[Sun Jun 07 02:50:11.018147 2026] [authz_core:error] [pid 4176774:tid 4176774] [client 178.151.245.162:33084] AH01630: client denied by server configuration: /home/truechri/public_html/php.ini
[Sun Jun 07 02:50:13.605574 2026] [cgi:error] [pid 4158211:tid 4158211] [client 85.211.241.137:18180] AH01215: stderr from /usr/local/cpanel/cgi-sys/ea-php83: PHP Warning: Undefined variable $i in /home/serhi173/public_html/index.html on line 171
[Sun Jun 07 02:50:13.605646 2026] [cgi:error] [pid 4158211:tid 4158211] [client 85.211.241.137:18180] AH01215: stderr from /usr/local/cpanel/cgi-sys/ea-php83: PHP Warning: Undefined variable $i in /home/serhi173/public_html/index.html on line 171
[Sun Jun 07 02:50:40.482995 2026] [access_compat:error] [pid 4187084:tid 4187084] [client 8.229.107.118:59560] AH01797: client denied by server configuration: /home/translat/public_html/agencies/res/images/Translationary.Asset 2 (1).png
[Sun Jun 07 02:51:02.333731 2026] [proxy_fcgi:error] [pid 4186900:tid 4186900] [client 178.151.245.162:38668] AH01071: Got error 'Primary script unknown'
[Sun Jun 07 02:51:03.481288 2026] [access_compat:error] [pid 4187073:tid 4187073] [client 43.153.211.15:45743] AH01797: client denied by server configuration: /home/translat/public_html/translators/english_fulah
[Sun Jun 07 02:51:03.481396 2026] [access_compat:error] [pid 4187073:tid 4187073] [client 43.153.211.15:45743] AH01797: client denied by server configuration: /home/translat/public_html/403.shtml
[Sun Jun 07 02:51:03.676413 2026] [access_compat:error] [pid 4187073:tid 4187073] [client 43.153.211.15:45743] AH01797: client denied by server configuration: /home/translat/public_html/favicon.ico, referer: https://www.translationdirectory.com/translators/english_fulah/vincent_sonhanoin.php
[Sun Jun 07 02:51:03.996062 2026] [access_compat:error] [pid 3069:tid 3069] [client 43.153.214.30:60855] AH01797: client denied by server configuration: /home/translat/public_html/translators/spanish_spanish.php
[Sun Jun 07 02:51:03.996124 2026] [access_compat:error] [pid 3069:tid 3069] [client 43.153.214.30:60855] AH01797: client denied by server configuration: /home/translat/public_html/403.shtml
[Sun Jun 07 02:51:04.192474 2026] [access_compat:error] [pid 3069:tid 3069] [client 43.153.214.30:60855] AH01797: client denied by server configuration: /home/translat/public_html/favicon.ico, referer: https://www.translationdirectory.com/translators/spanish_spanish.php
[Sun Jun 07 02:51:15.792895 2026] [proxy_fcgi:error] [pid 4180466:tid 4180466] [client 203.175.125.116:55603] AH01071: Got error 'Primary script unknown'
[Sun Jun 07 02:51:47.096012 2026] [access_compat:error] [pid 3068:tid 3068] [client 128.127.123.200:9145] AH01797: client denied by server configuration: /home/translat/public_html/agencies/res/images/Ideal_Legal_Translation_and_Businessmen_Services.Logo.jpeg, referer: https://www.translationdirectory.com/index.html
[Sun Jun 07 02:51:47.162557 2026] [access_compat:error] [pid 3070:tid 3070] [client 128.127.123.200:9215] AH01797: client denied by server configuration: /home/translat/public_html/agencies/res/images/GTE_Localize.Logo-GTELocalize-circle.png, referer: https://www.translationdirectory.com/index.html
[Sun Jun 07 02:51:51.976509 2026] [proxy_fcgi:error] [pid 4176886:tid 4176886] [client 203.175.125.116:57867] AH01071: Got error 'Primary script unknown'
[Sun Jun 07 02:51:53.586636 2026] [access_compat:error] [pid 3067:tid 3067] [client 47.128.96.129:49148] AH01797: client denied by server configuration: /home/translat/public_html/agencies/res/images/GTE_Localize.Logo-GTELocalize-circle.png, referer: https://www.www2.translationdirectory.com/index.html
[Sun Jun 07 02:51:55.186665 2026] [access_compat:error] [pid 3068:tid 3068] [client 128.127.123.200:9145] AH01797: client denied by server configuration: /home/translat/public_html/agencies/res/images/GTE_Localize.Logo-GTELocalize-circle.png, referer: https://www.translationdirectory.com/index.html
[Sun Jun 07 02:51:55.356095 2026] [cgi:error] [pid 3002:tid 3002] [client 82.7.109.86:54010] AH02811: stderr from /home/serhi173/public_html/vanuatu/wad.cgi: script not found or unable to stat
[Sun Jun 07 02:52:01.215185 2026] [access_compat:error] [pid 4187144:tid 4187144] [client 116.179.37.232:32930] AH01797: client denied by server configuration: /home/translat/public_html/agencies/res/images/GTE_Localize.Logo-GTELocalize-circle.png, referer: https://www.translationdirectory.com/index.html
[Sun Jun 07 02:52:12.908627 2026] [authz_core:error] [pid 3602:tid 3602] [client 2.189.5.162:45814] AH01630: client denied by server configuration: /home/truechri/public_html/php.ini
[Sun Jun 07 02:52:37.738340 2026] [access_compat:error] [pid 4176871:tid 4176871] [client 47.128.96.164:20316] AH01797: client denied by server configuration: /home/translat/public_html/agencies/res/images/Ideal_Legal_Translation_and_Businessmen_Services.Logo.jpeg, referer: https://translationdirectory.com/index.html
[Sun Jun 07 02:52:42.208768 2026] [access_compat:error] [pid 3138:tid 3138] [client 47.128.96.183:36222] AH01797: client denied by server configuration: /home/translat/public_html/agencies/res/images/Ideal_Legal_Translation_and_Businessmen_Services.Logo.jpeg, referer: https://www.www2.translationdirectory.com/index.html
