[Sun Jun 07 03:36:09.212931 2026] [access_compat:error] [pid 141421:tid 141421] [client 43.173.181.27:40076] AH01797: client denied by server configuration: /home/translat/public_html/translator_directory.htm
[Sun Jun 07 03:36:16.124246 2026] [access_compat:error] [pid 156115:tid 156115] [client 43.167.207.164:42325] AH01797: client denied by server configuration: /home/translat/public_html/translator_directory.htm
[Sun Jun 07 03:36:18.239328 2026] [cgi:error] [pid 105415:tid 105415] [client 74.7.228.244:35738] AH02811: stderr from /home/serhi173/public_html/japan/wad.cgi: script not found or unable to stat, referer: https://www.airports-worldwide.com/japan/okushiri_japan.php
[Sun Jun 07 03:36:20.052667 2026] [cgi:error] [pid 157095:tid 157095] [client 74.7.228.253:41906] AH02811: stderr from /home/serhi173/public_html/japan/wad.cgi: script not found or unable to stat, referer: https://www.airports-worldwide.com/japan/okushiri_japan.php
[Sun Jun 07 03:36:30.628130 2026] [authz_core:error] [pid 157288:tid 157288] [client 121.237.36.31:31336] AH01630: client denied by server configuration: /home/truechri/public_html/php.ini
[Sun Jun 07 03:37:02.116027 2026] [authz_core:error] [pid 153967:tid 153967] [client 121.237.36.28:32808] AH01630: client denied by server configuration: /home/truechri/public_html/php.ini
[Sun Jun 07 03:37:12.282694 2026] [access_compat:error] [pid 147078:tid 147078] [client 47.128.96.204:13454] AH01797: client denied by server configuration: /home/translat/public_html/agencies/res/images/GTE_Localize.Logo-GTELocalize-circle.png, referer: https://www2.translationdirectory.com/index.html
[Sun Jun 07 03:37:42.407089 2026] [proxy_fcgi:error] [pid 118574:tid 118574] [client 207.46.13.31:15187] AH01071: Got error 'Primary script unknown'
[Sun Jun 07 03:37:44.678890 2026] [proxy_fcgi:error] [pid 148666:tid 148666] [client 203.175.125.116:63040] AH01071: Got error 'Primary script unknown'
[Sun Jun 07 03:37:44.818515 2026] [access_compat:error] [pid 150660:tid 150660] [client 43.173.177.150:39056] AH01797: client denied by server configuration: /home/translat/public_html/translator_directory.htm
[Sun Jun 07 03:37:51.647616 2026] [access_compat:error] [pid 157286:tid 157286] [client 47.128.96.13:48466] AH01797: client denied by server configuration: /home/translat/public_html/agencies/res/images/GTE_Localize.Logo-GTELocalize-circle.png, referer: https://www.www2.translationdirectory.com/index.html
[Sun Jun 07 03:37:56.654831 2026] [access_compat:error] [pid 150660:tid 150660] [client 43.173.173.167:39194] AH01797: client denied by server configuration: /home/translat/public_html/translator_directory.htm
[Sun Jun 07 03:38:03.360938 2026] [authz_core:error] [pid 159322:tid 159322] [client 2.189.5.222:59968] AH01630: client denied by server configuration: /home/truechri/public_html/php.ini
[Sun Jun 07 03:38:07.853815 2026] [cgi:error] [pid 159323:tid 159323] [client 201.227.102.29:56728] AH02811: stderr from /home/serhi173/public_html/japan/wad.cgi: script not found or unable to stat
[Sun Jun 07 03:38:09.611391 2026] [proxy_fcgi:error] [pid 157287:tid 157287] [client 34.230.176.20:33818] AH01071: Got error 'Primary script unknown'
[Sun Jun 07 03:38:35.894469 2026] [cgi:error] [pid 162384:tid 162384] [client 222.252.90.139:34586] AH02811: stderr from /home/serhi173/public_html/india/wad.cgi: script not found or unable to stat
[Sun Jun 07 03:38:55.399402 2026] [proxy_fcgi:error] [pid 148660:tid 148660] [client 18.226.73.101:50548] AH01071: Got error 'Primary script unknown'
[Sun Jun 07 03:38:57.731075 2026] [proxy_fcgi:error] [pid 162274:tid 162274] [client 203.175.125.116:49850] AH01071: Got error 'Primary script unknown'
[Sun Jun 07 03:39:08.274187 2026] [access_compat:error] [pid 148661:tid 148661] [client 47.128.96.122:46604] AH01797: client denied by server configuration: /home/translat/public_html/agencies/res/images/Ideal_Legal_Translation_and_Businessmen_Services.Logo.jpeg, referer: https://www2.translationdirectory.com/index.html
[Sun Jun 07 03:39:13.817514 2026] [proxy_fcgi:error] [pid 153969:tid 153969] [client 74.7.241.157:48122] AH01071: Got error 'Primary script unknown'
[Sun Jun 07 03:39:52.765606 2026] [access_compat:error] [pid 163074:tid 163074] [client 116.179.37.173:42410] AH01797: client denied by server configuration: /home/translat/public_html/agencies/res/images/GTE_Localize.Logo-GTELocalize-circle.png, referer: https://www.translationdirectory.com/index.html
[Sun Jun 07 03:39:54.570782 2026] [access_compat:error] [pid 148661:tid 148661] [client 197.166.228.132:47218] AH01797: client denied by server configuration: /home/translat/public_html/agencies/res/images/GTE_Localize.Logo-GTELocalize-circle.png, referer: https://translationdirectory.com/
[Sun Jun 07 03:39:56.983506 2026] [proxy_fcgi:error] [pid 165709:tid 165709] [client 13.58.132.13:42398] AH01071: Got error 'Primary script unknown'
[Sun Jun 07 03:39:57.798846 2026] [authz_core:error] [pid 159333:tid 159333] [client 121.237.36.31:54441] AH01630: client denied by server configuration: /home/truechri/public_html/php.ini
[Sun Jun 07 03:40:00.355821 2026] [access_compat:error] [pid 167921:tid 167921] [client 116.179.37.76:46249] AH01797: client denied by server configuration: /home/translat/public_html/agencies/res/images/GTE_Localize.Logo-GTELocalize-circle.png, referer: https://www.translationdirectory.com/index.html
[Sun Jun 07 03:40:05.533202 2026] [proxy_fcgi:error] [pid 167748:tid 167748] [client 121.237.36.30:36086] AH01071: Got error 'Primary script unknown'
[Sun Jun 07 03:40:06.734114 2026] [access_compat:error] [pid 148599:tid 148599] [client 47.128.96.196:54044] AH01797: client denied by server configuration: /home/translat/public_html/agencies/res/images/Ideal_Legal_Translation_and_Businessmen_Services.Logo.jpeg, referer: https://www.www2.translationdirectory.com/index.html
[Sun Jun 07 03:40:12.513225 2026] [authz_core:error] [pid 168714:tid 168714] [client 2.189.5.142:33588] AH01630: client denied by server configuration: /home/truechri/public_html/php.ini
[Sun Jun 07 03:40:15.934390 2026] [cgi:error] [pid 159255:tid 159255] [client 38.166.121.11:35306] AH02811: stderr from /home/serhi173/public_html/taiwan/wad.cgi: script not found or unable to stat
[Sun Jun 07 03:40:47.275794 2026] [proxy_fcgi:error] [pid 157287:tid 157287] [client 203.175.125.116:54978] AH01071: Got error 'Primary script unknown'
[Sun Jun 07 03:41:41.210609 2026] [proxy_fcgi:error] [pid 165758:tid 165758] [client 203.175.125.116:57645] AH01071: Got error 'Primary script unknown'
[Sun Jun 07 03:41:42.023790 2026] [proxy_fcgi:error] [pid 159192:tid 159192] [client 3.150.110.247:38462] AH01071: Got error 'Primary script unknown'
[Sun Jun 07 03:41:47.124180 2026] [access_compat:error] [pid 172764:tid 172764] [client 47.128.96.120:24584] AH01797: client denied by server configuration: /home/translat/public_html/agencies/res/images/GTE_Localize.Logo-GTELocalize-circle.png, referer: https://www.www2.translationdirectory.com/index.html
[Sun Jun 07 03:41:50.179934 2026] [cgi:error] [pid 172310:tid 172310] [client 3.17.65.95:42826] AH02811: stderr from /home/serhi173/public_html/french_polynesia/wad.cgi: script not found or unable to stat
[Sun Jun 07 03:41:51.477435 2026] [authz_core:error] [pid 168773:tid 168773] [client 2.189.5.218:41336] AH01630: client denied by server configuration: /home/truechri/public_html/php.ini
[Sun Jun 07 03:42:27.985336 2026] [access_compat:error] [pid 172313:tid 172313] [client 47.128.96.146:13442] AH01797: client denied by server configuration: /home/translat/public_html/agencies/res/images/GTE_Localize.Logo-GTELocalize-circle.png, referer: https://www2.translationdirectory.com/index.html
[Sun Jun 07 03:42:37.132916 2026] [proxy_fcgi:error] [pid 165763:tid 165763] [client 203.175.125.116:60266] AH01071: Got error 'Primary script unknown'
[Sun Jun 07 03:43:05.865620 2026] [cgi:error] [pid 177876:tid 177876] [client 45.156.129.174:59190] AH02811: stderr from /home/allpolls/public_html/cgi-bin/authLogin.cgi: script not found or unable to stat
[Sun Jun 07 03:43:16.833672 2026] [proxy_fcgi:error] [pid 176286:tid 176286] [client 52.14.166.7:38500] AH01071: Got error 'Primary script unknown'
[Sun Jun 07 03:43:22.793951 2026] [proxy_fcgi:error] [pid 176750:tid 176750] [client 74.7.227.182:57948] AH01071: Got error 'Primary script unknown', referer: https://truechristianity.info/inc/god_has_created_this_(table).php
[Sun Jun 07 03:43:23.314570 2026] [proxy_fcgi:error] [pid 176750:tid 176750] [client 74.7.227.182:57948] AH01071: Got error 'Primary script unknown', referer: https://truechristianity.info/inc/god_has_created_this_(table).php
[Sun Jun 07 03:43:23.815777 2026] [proxy_fcgi:error] [pid 176750:tid 176750] [client 74.7.227.182:57948] AH01071: Got error 'Primary script unknown', referer: https://truechristianity.info/inc/god_has_created_this_(table).php
[Sun Jun 07 03:43:40.871978 2026] [proxy_fcgi:error] [pid 178917:tid 178917] [client 110.249.202.145:14638] AH01071: Got error 'Primary script unknown'
[Sun Jun 07 03:43:41.089035 2026] [proxy_fcgi:error] [pid 176750:tid 176750] [client 74.7.227.182:57948] AH01071: Got error 'Primary script unknown', referer: https://truechristianity.info/inc/ask_catholic_priest_questions.php
[Sun Jun 07 03:43:42.091136 2026] [proxy_fcgi:error] [pid 176750:tid 176750] [client 74.7.227.182:57948] AH01071: Got error 'Primary script unknown', referer: https://truechristianity.info/inc/ask_catholic_priest_questions.php
[Sun Jun 07 03:43:42.648628 2026] [proxy_fcgi:error] [pid 176750:tid 176750] [client 74.7.227.182:57948] AH01071: Got error 'Primary script unknown', referer: https://truechristianity.info/inc/ask_catholic_priest_questions.php
[Sun Jun 07 03:43:48.003162 2026] [proxy_fcgi:error] [pid 176750:tid 176750] [client 74.7.227.182:57948] AH01071: Got error 'Primary script unknown', referer: https://truechristianity.info/inc/ask_catholic_priest_questions.php
[Sun Jun 07 03:43:48.577012 2026] [proxy_fcgi:error] [pid 176750:tid 176750] [client 74.7.227.182:57948] AH01071: Got error 'Primary script unknown', referer: https://truechristianity.info/inc/ask_catholic_priest_questions.php
[Sun Jun 07 03:43:49.130493 2026] [proxy_fcgi:error] [pid 176750:tid 176750] [client 74.7.227.182:57948] AH01071: Got error 'Primary script unknown', referer: https://truechristianity.info/inc/ask_catholic_priest_questions.php
[Sun Jun 07 03:43:49.656944 2026] [proxy_fcgi:error] [pid 176750:tid 176750] [client 74.7.227.182:57948] AH01071: Got error 'Primary script unknown', referer: https://truechristianity.info/inc/ask_catholic_priest_questions.php
[Sun Jun 07 03:43:50.153721 2026] [proxy_fcgi:error] [pid 176750:tid 176750] [client 74.7.227.182:57948] AH01071: Got error 'Primary script unknown', referer: https://truechristianity.info/inc/ask_catholic_priest_questions.php
[Sun Jun 07 03:43:50.700972 2026] [proxy_fcgi:error] [pid 176750:tid 176750] [client 74.7.227.182:57948] AH01071: Got error 'Primary script unknown', referer: https://truechristianity.info/inc/ask_catholic_priest_questions.php
[Sun Jun 07 03:43:51.246604 2026] [proxy_fcgi:error] [pid 176750:tid 176750] [client 74.7.227.182:57948] AH01071: Got error 'Primary script unknown', referer: https://truechristianity.info/inc/ask_catholic_priest_questions.php
[Sun Jun 07 03:43:51.766526 2026] [proxy_fcgi:error] [pid 176750:tid 176750] [client 74.7.227.182:57948] AH01071: Got error 'Primary script unknown', referer: https://truechristianity.info/inc/ask_catholic_priest_questions.php
[Sun Jun 07 03:43:52.282494 2026] [proxy_fcgi:error] [pid 176750:tid 176750] [client 74.7.227.182:57948] AH01071: Got error 'Primary script unknown', referer: https://truechristianity.info/inc/ask_catholic_priest_questions.php
[Sun Jun 07 03:43:52.807669 2026] [proxy_fcgi:error] [pid 176750:tid 176750] [client 74.7.227.182:57948] AH01071: Got error 'Primary script unknown', referer: https://truechristianity.info/inc/ask_catholic_priest_questions.php
[Sun Jun 07 03:43:53.329776 2026] [proxy_fcgi:error] [pid 176750:tid 176750] [client 74.7.227.182:57948] AH01071: Got error 'Primary script unknown', referer: https://truechristianity.info/inc/ask_catholic_priest_questions.php
[Sun Jun 07 03:43:53.902448 2026] [proxy_fcgi:error] [pid 176750:tid 176750] [client 74.7.227.182:57948] AH01071: Got error 'Primary script unknown', referer: https://truechristianity.info/inc/ask_catholic_priest_questions.php
[Sun Jun 07 03:43:54.367472 2026] [proxy_fcgi:error] [pid 176750:tid 176750] [client 74.7.227.182:57948] AH01071: Got error 'Primary script unknown', referer: https://truechristianity.info/inc/ask_catholic_priest_questions.php
[Sun Jun 07 03:43:54.916307 2026] [proxy_fcgi:error] [pid 176750:tid 176750] [client 74.7.227.182:57948] AH01071: Got error 'Primary script unknown', referer: https://truechristianity.info/inc/ask_catholic_priest_questions.php
[Sun Jun 07 03:43:55.578265 2026] [proxy_fcgi:error] [pid 176750:tid 176750] [client 74.7.227.182:57948] AH01071: Got error 'Primary script unknown', referer: https://truechristianity.info/inc/ask_catholic_priest_questions.php
[Sun Jun 07 03:43:56.015429 2026] [proxy_fcgi:error] [pid 176750:tid 176750] [client 74.7.227.182:57948] AH01071: Got error 'Primary script unknown', referer: https://truechristianity.info/inc/ask_catholic_priest_questions.php
[Sun Jun 07 03:43:56.548048 2026] [proxy_fcgi:error] [pid 176750:tid 176750] [client 74.7.227.182:57948] AH01071: Got error 'Primary script unknown', referer: https://truechristianity.info/inc/ask_catholic_priest_questions.php
[Sun Jun 07 03:43:57.053976 2026] [proxy_fcgi:error] [pid 176750:tid 176750] [client 74.7.227.182:57948] AH01071: Got error 'Primary script unknown', referer: https://truechristianity.info/inc/ask_catholic_priest_questions.php
[Sun Jun 07 03:43:57.598619 2026] [proxy_fcgi:error] [pid 176750:tid 176750] [client 74.7.227.182:57948] AH01071: Got error 'Primary script unknown', referer: https://truechristianity.info/inc/ask_catholic_priest_questions.php
[Sun Jun 07 03:43:58.134588 2026] [proxy_fcgi:error] [pid 176750:tid 176750] [client 74.7.227.182:57948] AH01071: Got error 'Primary script unknown', referer: https://truechristianity.info/inc/ask_catholic_priest_questions.php
[Sun Jun 07 03:43:58.635095 2026] [proxy_fcgi:error] [pid 176750:tid 176750] [client 74.7.227.182:57948] AH01071: Got error 'Primary script unknown', referer: https://truechristianity.info/inc/ask_catholic_priest_questions.php
[Sun Jun 07 03:43:59.164242 2026] [proxy_fcgi:error] [pid 176750:tid 176750] [client 74.7.227.182:57948] AH01071: Got error 'Primary script unknown', referer: https://truechristianity.info/inc/ask_catholic_priest_questions.php
[Sun Jun 07 03:44:07.216515 2026] [cgi:error] [pid 172307:tid 172307] [client 20.226.32.84:61554] AH01215: stderr from /usr/local/cpanel/cgi-sys/ea-php83: PHP Warning: Undefined variable $i in /home/serhi173/public_html/index.html on line 171
[Sun Jun 07 03:44:07.216611 2026] [cgi:error] [pid 172307:tid 172307] [client 20.226.32.84:61554] AH01215: stderr from /usr/local/cpanel/cgi-sys/ea-php83: PHP Warning: Undefined variable $i in /home/serhi173/public_html/index.html on line 171
[Sun Jun 07 03:44:07.621974 2026] [cgi:error] [pid 179969:tid 179969] [client 20.226.32.89:45162] AH01215: stderr from /usr/local/cpanel/cgi-sys/ea-php83: PHP Warning: Undefined variable $i in /home/serhi173/public_html/index.html on line 171
[Sun Jun 07 03:44:07.622072 2026] [cgi:error] [pid 179969:tid 179969] [client 20.226.32.89:45162] AH01215: stderr from /usr/local/cpanel/cgi-sys/ea-php83: PHP Warning: Undefined variable $i in /home/serhi173/public_html/index.html on line 171
[Sun Jun 07 03:44:08.525906 2026] [proxy_fcgi:error] [pid 167922:tid 167922] [client 207.46.13.102:27125] AH01071: Got error 'Primary script unknown'
[Sun Jun 07 03:44:35.181573 2026] [proxy_fcgi:error] [pid 172191:tid 172191] [client 74.7.227.182:45090] AH01071: Got error 'Primary script unknown', referer: https://truechristianity.info/inc/ask_catholic_priest_questions.php
[Sun Jun 07 03:44:37.227225 2026] [proxy_fcgi:error] [pid 172191:tid 172191] [client 74.7.227.182:45090] AH01071: Got error 'Primary script unknown', referer: https://truechristianity.info/inc/ask_catholic_priest_questions.php
[Sun Jun 07 03:44:38.807296 2026] [proxy_fcgi:error] [pid 172191:tid 172191] [client 74.7.227.182:45090] AH01071: Got error 'Primary script unknown', referer: https://truechristianity.info/inc/god_has_created_this_(table).php
[Sun Jun 07 03:44:47.115963 2026] [proxy_fcgi:error] [pid 141772:tid 141772] [client 104.210.140.135:52162] AH01071: Got error 'Primary script unknown'
[Sun Jun 07 03:44:47.413536 2026] [proxy_fcgi:error] [pid 178223:tid 178223] [client 104.210.140.140:20441] AH01071: Got error 'Primary script unknown'
[Sun Jun 07 03:44:48.391945 2026] [proxy_fcgi:error] [pid 177876:tid 177876] [client 203.175.125.116:50835] AH01071: Got error 'Primary script unknown'
[Sun Jun 07 03:44:55.120246 2026] [proxy_fcgi:error] [pid 172191:tid 172191] [client 74.7.227.182:45090] AH01071: Got error 'Primary script unknown', referer: https://truechristianity.info/inc/god_has_created_this_(table).php
[Sun Jun 07 03:44:57.021245 2026] [authz_core:error] [pid 180025:tid 180025] [client 185.191.171.6:52028] AH01630: client denied by server configuration: /home/truechri/public_html/php.ini
[Sun Jun 07 03:45:03.414705 2026] [proxy_fcgi:error] [pid 165707:tid 165707] [client 74.7.227.182:59434] AH01071: Got error 'Primary script unknown', referer: https://truechristianity.info/inc/god_has_created_this_(table).php
[Sun Jun 07 03:45:05.052129 2026] [proxy_fcgi:error] [pid 165707:tid 165707] [client 74.7.227.182:59434] AH01071: Got error 'Primary script unknown', referer: https://truechristianity.info/inc/god_has_created_this_(table).php
[Sun Jun 07 03:45:07.149099 2026] [proxy_fcgi:error] [pid 165707:tid 165707] [client 74.7.227.182:59434] AH01071: Got error 'Primary script unknown', referer: https://truechristianity.info/inc/god_has_created_this_(table).php
[Sun Jun 07 03:45:23.263672 2026] [cgi:error] [pid 128206:tid 128206] [client 43.164.190.28:56540] AH01215: stderr from /usr/local/cpanel/cgi-sys/ea-php83: PHP Warning: Undefined variable $i in /home/serhi173/public_html/index.html on line 171
[Sun Jun 07 03:45:23.263757 2026] [cgi:error] [pid 128206:tid 128206] [client 43.164.190.28:56540] AH01215: stderr from /usr/local/cpanel/cgi-sys/ea-php83: PHP Warning: Undefined variable $i in /home/serhi173/public_html/index.html on line 171
[Sun Jun 07 03:45:28.607180 2026] [proxy_fcgi:error] [pid 176750:tid 176750] [client 66.249.66.197:58228] AH01071: Got error 'Primary script unknown'
[Sun Jun 07 03:45:36.764623 2026] [proxy_fcgi:error] [pid 165707:tid 165707] [client 74.7.227.182:59434] AH01071: Got error 'Primary script unknown', referer: https://truechristianity.info/inc/god_has_created_this_(table).php
[Sun Jun 07 03:45:45.427238 2026] [authz_core:error] [pid 165710:tid 165710] [client 2.189.5.142:51718] AH01630: client denied by server configuration: /home/truechri/public_html/php.ini
[Sun Jun 07 03:45:50.599879 2026] [proxy_fcgi:error] [pid 178223:tid 178223] [client 18.118.216.21:41006] AH01071: Got error 'Primary script unknown'
[Sun Jun 07 03:45:57.464427 2026] [proxy_fcgi:error] [pid 128206:tid 128206] [client 43.173.182.28:51606] AH01071: Got error 'Primary script unknown'
[Sun Jun 07 03:46:00.144444 2026] [access_compat:error] [pid 177876:tid 177876] [client 47.128.96.201:61952] AH01797: client denied by server configuration: /home/translat/public_html/agencies/res/images/GTE_Localize.Logo-GTELocalize-circle.png, referer: https://translationdirectory.com/index.html
[Sun Jun 07 03:46:00.750624 2026] [access_compat:error] [pid 165763:tid 165763] [client 47.128.96.201:20214] AH01797: client denied by server configuration: /home/translat/public_html/agencies/res/images/Ideal_Legal_Translation_and_Businessmen_Services.Logo.jpeg, referer: https://translationdirectory.com/index.html
[Sun Jun 07 03:46:19.015668 2026] [access_compat:error] [pid 188519:tid 188519] [client 47.128.96.161:20390] AH01797: client denied by server configuration: /home/translat/public_html/agencies/res/images/GTE_Localize.Logo-GTELocalize-circle.png, referer: https://www.www2.translationdirectory.com/index.html
[Sun Jun 07 03:46:27.429338 2026] [cgi:error] [pid 188646:tid 188646] [client 17.246.23.150:35200] AH02811: stderr from /home/serhi173/public_html/burma/wad.cgi: script not found or unable to stat
[Sun Jun 07 03:46:48.835515 2026] [proxy_fcgi:error] [pid 177877:tid 177877] [client 43.139.153.132:49865] AH01071: Got error 'Primary script unknown'
[Sun Jun 07 03:46:49.288720 2026] [authz_core:error] [pid 177877:tid 177877] [client 43.139.153.132:49865] AH01630: client denied by server configuration: /home/truechri/public_html/php.ini
[Sun Jun 07 03:46:50.774579 2026] [authz_core:error] [pid 177877:tid 177877] [client 43.139.153.132:49865] AH01630: client denied by server configuration: /home/truechri/public_html/php.ini
[Sun Jun 07 03:46:52.584115 2026] [authz_core:error] [pid 177877:tid 177877] [client 43.139.153.132:49865] AH01630: client denied by server configuration: /home/truechri/public_html/php.ini
[Sun Jun 07 03:46:54.100051 2026] [authz_core:error] [pid 177877:tid 177877] [client 43.139.153.132:49865] AH01630: client denied by server configuration: /home/truechri/public_html/php.ini
[Sun Jun 07 03:46:54.650378 2026] [access_compat:error] [pid 188647:tid 188647] [client 43.173.175.220:57458] AH01797: client denied by server configuration: /home/translat/public_html/job_00079531.php
[Sun Jun 07 03:46:54.650450 2026] [access_compat:error] [pid 188647:tid 188647] [client 43.173.175.220:57458] AH01797: client denied by server configuration: /home/translat/public_html/403.shtml
[Sun Jun 07 03:46:54.704937 2026] [authz_core:error] [pid 177877:tid 177877] [client 43.139.153.132:49865] AH01630: client denied by server configuration: /home/truechri/public_html/php.ini
[Sun Jun 07 03:46:55.012909 2026] [authz_core:error] [pid 177877:tid 177877] [client 43.139.153.132:49865] AH01630: client denied by server configuration: /home/truechri/public_html/php.ini
[Sun Jun 07 03:46:57.754221 2026] [access_compat:error] [pid 168713:tid 168713] [client 43.173.178.110:55220] AH01797: client denied by server configuration: /home/translat/public_html/job_00079531.php
[Sun Jun 07 03:46:57.754315 2026] [access_compat:error] [pid 168713:tid 168713] [client 43.173.178.110:55220] AH01797: client denied by server configuration: /home/translat/public_html/403.shtml
[Sun Jun 07 03:46:57.842225 2026] [authz_core:error] [pid 177877:tid 177877] [client 43.139.153.132:49865] AH01630: client denied by server configuration: /home/truechri/public_html/php.ini
[Sun Jun 07 03:47:01.078866 2026] [authz_core:error] [pid 177877:tid 177877] [client 43.139.153.132:49865] AH01630: client denied by server configuration: /home/truechri/public_html/php.ini
[Sun Jun 07 03:47:01.947100 2026] [authz_core:error] [pid 177877:tid 177877] [client 43.139.153.132:49865] AH01630: client denied by server configuration: /home/truechri/public_html/php.ini
[Sun Jun 07 03:47:04.498715 2026] [authz_core:error] [pid 177877:tid 177877] [client 43.139.153.132:49865] AH01630: client denied by server configuration: /home/truechri/public_html/php.ini
[Sun Jun 07 03:47:07.555649 2026] [authz_core:error] [pid 177877:tid 177877] [client 43.139.153.132:49865] AH01630: client denied by server configuration: /home/truechri/public_html/php.ini
[Sun Jun 07 03:47:10.508708 2026] [authz_core:error] [pid 177877:tid 177877] [client 43.139.153.132:49865] AH01630: client denied by server configuration: /home/truechri/public_html/php.ini
[Sun Jun 07 03:47:12.390207 2026] [authz_core:error] [pid 177877:tid 177877] [client 43.139.153.132:49865] AH01630: client denied by server configuration: /home/truechri/public_html/php.ini
[Sun Jun 07 03:47:14.228561 2026] [authz_core:error] [pid 177877:tid 177877] [client 43.139.153.132:49865] AH01630: client denied by server configuration: /home/truechri/public_html/php.ini
[Sun Jun 07 03:47:15.632143 2026] [authz_core:error] [pid 177877:tid 177877] [client 43.139.153.132:49865] AH01630: client denied by server configuration: /home/truechri/public_html/php.ini
[Sun Jun 07 03:47:16.757013 2026] [authz_core:error] [pid 177877:tid 177877] [client 43.139.153.132:49865] AH01630: client denied by server configuration: /home/truechri/public_html/php.ini
[Sun Jun 07 03:47:18.182928 2026] [proxy_fcgi:error] [pid 177875:tid 177875] [client 203.175.125.116:57868] AH01071: Got error 'Primary script unknown'
[Sun Jun 07 03:47:18.731494 2026] [authz_core:error] [pid 177877:tid 177877] [client 43.139.153.132:49865] AH01630: client denied by server configuration: /home/truechri/public_html/php.ini
[Sun Jun 07 03:47:21.128143 2026] [authz_core:error] [pid 177877:tid 177877] [client 43.139.153.132:49865] AH01630: client denied by server configuration: /home/truechri/public_html/php.ini
[Sun Jun 07 03:47:23.280703 2026] [proxy_fcgi:error] [pid 188651:tid 188651] [client 139.196.203.118:32840] AH01071: Got error 'Primary script unknown'
[Sun Jun 07 03:47:23.404832 2026] [authz_core:error] [pid 177877:tid 177877] [client 43.139.153.132:49865] AH01630: client denied by server configuration: /home/truechri/public_html/php.ini
[Sun Jun 07 03:47:27.063572 2026] [authz_core:error] [pid 177877:tid 177877] [client 43.139.153.132:49865] AH01630: client denied by server configuration: /home/truechri/public_html/php.ini
[Sun Jun 07 03:47:33.365250 2026] [proxy_fcgi:error] [pid 180025:tid 180025] [client 74.7.227.182:45696] AH01071: Got error 'Primary script unknown', referer: https://truechristianity.info/churches/dominican_church_lviv.php
[Sun Jun 07 03:47:42.911583 2026] [cgi:error] [pid 193316:tid 193316] [client 18.235.81.246:23320] AH02811: stderr from /home/serhi173/public_html/thailand/wad.cgi: script not found or unable to stat
[Sun Jun 07 03:47:58.407034 2026] [authz_core:error] [pid 193391:tid 193391] [client 2.189.5.162:34956] AH01630: client denied by server configuration: /home/truechri/public_html/php.ini
[Sun Jun 07 03:48:12.362826 2026] [proxy_fcgi:error] [pid 193391:tid 193391] [client 203.175.125.116:59984] AH01071: Got error 'Primary script unknown'
[Sun Jun 07 03:48:14.704703 2026] [cgi:error] [pid 177875:tid 177875] [client 156.247.234.163:60484] AH02811: stderr from /home/serhi173/public_html/egypt/wad.cgi: script not found or unable to stat
[Sun Jun 07 03:48:15.470411 2026] [proxy_fcgi:error] [pid 193113:tid 193113] [client 67.81.19.33:49566] AH01071: Got error 'Primary script unknown'
[Sun Jun 07 03:48:16.028659 2026] [proxy_fcgi:error] [pid 193187:tid 193187] [client 67.81.19.33:49567] AH01071: Got error 'Primary script unknown'
[Sun Jun 07 03:48:16.031100 2026] [proxy_fcgi:error] [pid 186846:tid 186846] [client 67.81.19.33:49568] AH01071: Got error 'Primary script unknown'
[Sun Jun 07 03:48:23.972141 2026] [cgi:error] [pid 186901:tid 186901] [client 177.230.132.68:5580] AH02811: stderr from /home/serhi173/public_html/brazil/wad.cgi: script not found or unable to stat
[Sun Jun 07 03:48:24.541495 2026] [cgi:error] [pid 172814:tid 172814] [client 14.184.65.132:59578] AH02811: stderr from /home/serhi173/public_html/indonesia/wad.cgi: script not found or unable to stat
[Sun Jun 07 03:48:46.818721 2026] [authz_core:error] [pid 196749:tid 196749] [client 20.215.214.21:53829] AH01630: client denied by server configuration: /home/truechri/public_html/php.ini
[Sun Jun 07 03:49:27.869813 2026] [cgi:error] [pid 162274:tid 162274] [client 186.216.27.46:24514] AH02811: stderr from /home/serhi173/public_html/germany/wad.cgi: script not found or unable to stat
[Sun Jun 07 03:49:51.582543 2026] [proxy_fcgi:error] [pid 196752:tid 196752] [client 34.206.212.24:47253] AH01071: Got error 'Primary script unknown'
[Sun Jun 07 03:49:55.949244 2026] [proxy_fcgi:error] [pid 188462:tid 188462] [client 203.175.125.116:64727] AH01071: Got error 'Primary script unknown'
[Sun Jun 07 03:50:33.397876 2026] [proxy_fcgi:error] [pid 188647:tid 188647] [client 203.175.125.116:50140] AH01071: Got error 'Primary script unknown'
[Sun Jun 07 03:50:42.871266 2026] [cgi:error] [pid 196577:tid 196577] [client 45.232.1.17:35268] AH02811: stderr from /home/serhi173/public_html/france/wad.cgi: script not found or unable to stat
[Sun Jun 07 03:50:50.556629 2026] [proxy_fcgi:error] [pid 203784:tid 203784] [client 203.175.125.116:50778] AH01071: Got error 'Primary script unknown'
[Sun Jun 07 03:50:58.680984 2026] [proxy_fcgi:error] [pid 197862:tid 197862] [client 54.226.9.66:34188] AH01071: Got error 'Primary script unknown'
[Sun Jun 07 03:51:14.935770 2026] [proxy_fcgi:error] [pid 202801:tid 202801] [client 203.175.125.116:51851] AH01071: Got error 'Primary script unknown'
[Sun Jun 07 03:51:20.672265 2026] [cgi:error] [pid 193390:tid 193390] [client 43.167.174.249:52500] AH01215: stderr from /usr/local/cpanel/cgi-sys/ea-php83: PHP Warning: Undefined variable $i in /home/serhi173/public_html/index.html on line 171, referer: https://m.baidu.com/s?word=www.fzj3w.cn
[Sun Jun 07 03:51:20.672376 2026] [cgi:error] [pid 193390:tid 193390] [client 43.167.174.249:52500] AH01215: stderr from /usr/local/cpanel/cgi-sys/ea-php83: PHP Warning: Undefined variable $i in /home/serhi173/public_html/index.html on line 171, referer: https://m.baidu.com/s?word=www.fzj3w.cn
[Sun Jun 07 03:51:21.070998 2026] [access_compat:error] [pid 193247:tid 193247] [client 47.128.96.124:54048] AH01797: client denied by server configuration: /home/translat/public_html/agencies/res/images/GTE_Localize.Logo-GTELocalize-circle.png, referer: https://www.www2.translationdirectory.com/index.html
[Sun Jun 07 03:51:21.262970 2026] [access_compat:error] [pid 193247:tid 193247] [client 47.128.96.124:54048] AH01797: client denied by server configuration: /home/translat/public_html/agencies/res/images/Ideal_Legal_Translation_and_Businessmen_Services.Logo.jpeg, referer: https://www.www2.translationdirectory.com/index.html
[Sun Jun 07 03:51:22.675637 2026] [proxy_fcgi:error] [pid 188655:tid 188655] [client 52.167.144.54:35661] AH01071: Got error 'Primary script unknown'
[Sun Jun 07 03:51:42.375404 2026] [authz_core:error] [pid 193113:tid 193113] [client 171.105.76.88:31370] AH01630: client denied by server configuration: /home/truechri/public_html/php.ini
[Sun Jun 07 03:51:46.422806 2026] [proxy_fcgi:error] [pid 207084:tid 207084] [client 207.180.11.38:53724] AH01071: Got error 'Primary script unknown'
[Sun Jun 07 03:51:47.557605 2026] [authz_core:error] [pid 207084:tid 207084] [client 59.174.86.235:11107] AH01630: client denied by server configuration: /home/truechri/public_html/php.ini
[Sun Jun 07 03:51:48.984968 2026] [proxy_fcgi:error] [pid 196632:tid 196632] [client 189.28.65.182:39648] AH01071: Got error 'Primary script unknown'
[Sun Jun 07 03:51:51.992636 2026] [proxy_fcgi:error] [pid 207178:tid 207178] [client 177.37.148.249:35863] AH01071: Got error 'Primary script unknown'
[Sun Jun 07 03:51:54.944536 2026] [proxy_fcgi:error] [pid 196690:tid 196690] [client 43.173.132.90:12114] AH01071: Got error 'Primary script unknown'
[Sun Jun 07 03:52:03.953659 2026] [proxy_fcgi:error] [pid 204516:tid 204516] [client 203.175.125.116:54062] AH01071: Got error 'Primary script unknown'
[Sun Jun 07 03:52:05.716630 2026] [proxy_fcgi:error] [pid 177875:tid 177875] [client 74.125.208.162:50348] AH01071: Got error 'Primary script unknown'
[Sun Jun 07 03:54:08.473956 2026] [proxy_fcgi:error] [pid 214752:tid 214752] [client 74.7.227.182:32926] AH01071: Got error 'Primary script unknown', referer: https://truechristianity.info/inc/god_has_created_this_(table).php
[Sun Jun 07 03:54:49.223653 2026] [proxy_fcgi:error] [pid 207084:tid 207084] [client 216.244.66.238:57882] AH01071: Got error 'Primary script unknown'
[Sun Jun 07 03:55:04.504176 2026] [access_compat:error] [pid 216881:tid 216881] [client 47.128.96.197:50448] AH01797: client denied by server configuration: /home/translat/public_html/agencies/res/images/Ideal_Legal_Translation_and_Businessmen_Services.Logo.jpeg, referer: https://www2.translationdirectory.com/index.html
[Sun Jun 07 03:55:05.971233 2026] [proxy_fcgi:error] [pid 150728:tid 150728] [client 104.210.140.142:58672] AH01071: Got error 'Primary script unknown'
[Sun Jun 07 03:55:06.261898 2026] [proxy_fcgi:error] [pid 193393:tid 193393] [client 104.210.140.134:55668] AH01071: Got error 'Primary script unknown'
[Sun Jun 07 03:55:09.683471 2026] [proxy_fcgi:error] [pid 216758:tid 216758] [client 203.175.125.116:62597] AH01071: Got error 'Primary script unknown'
[Sun Jun 07 03:55:16.610038 2026] [proxy_fcgi:error] [pid 208575:tid 208575] [client 74.7.227.182:37554] AH01071: Got error 'Primary script unknown', referer: https://truechristianity.info/inc/god_has_created_this_(table-ru).php
[Sun Jun 07 03:55:17.136730 2026] [proxy_fcgi:error] [pid 208575:tid 208575] [client 74.7.227.182:37554] AH01071: Got error 'Primary script unknown', referer: https://truechristianity.info/inc/god_has_created_this_(table-ru).php
[Sun Jun 07 03:55:17.659736 2026] [proxy_fcgi:error] [pid 208575:tid 208575] [client 74.7.227.182:37554] AH01071: Got error 'Primary script unknown', referer: https://truechristianity.info/inc/god_has_created_this_(table-ru).php
[Sun Jun 07 03:55:20.886597 2026] [authz_core:error] [pid 207196:tid 207196] [client 178.34.160.56:35246] AH01630: client denied by server configuration: /home/truechri/public_html/php.ini, referer: https://www.google.com/
[Sun Jun 07 03:55:21.243833 2026] [proxy_fcgi:error] [pid 207196:tid 207196] [client 178.34.160.56:35246] AH01071: Got error 'Primary script unknown', referer: https://www.truechristianity.info/
[Sun Jun 07 03:55:38.811580 2026] [proxy_fcgi:error] [pid 217767:tid 217767] [client 18.217.208.108:56632] AH01071: Got error 'Primary script unknown'
[Sun Jun 07 03:56:27.750891 2026] [cgi:error] [pid 193393:tid 193393] [client 45.70.91.88:40856] AH02811: stderr from /home/serhi173/public_html/burma/wad.cgi: script not found or unable to stat
[Sun Jun 07 03:56:46.847653 2026] [access_compat:error] [pid 131461:tid 131461] [client 47.128.96.157:24172] AH01797: client denied by server configuration: /home/translat/public_html/agencies/res/images/Ideal_Legal_Translation_and_Businessmen_Services.Logo.jpeg, referer: https://www2.translationdirectory.com/index.html
[Sun Jun 07 03:56:58.154879 2026] [proxy_fcgi:error] [pid 216884:tid 216884] [client 74.7.227.182:54702] AH01071: Got error 'Primary script unknown', referer: https://truechristianity.info/inc/ask_priest_of_ugcc_questions.php
[Sun Jun 07 03:56:58.650603 2026] [proxy_fcgi:error] [pid 216884:tid 216884] [client 74.7.227.182:54702] AH01071: Got error 'Primary script unknown', referer: https://truechristianity.info/inc/ask_priest_of_ugcc_questions.php
[Sun Jun 07 03:56:58.739391 2026] [proxy_fcgi:error] [pid 197802:tid 197802] [client 43.173.182.38:58592] AH01071: Got error 'Primary script unknown'
[Sun Jun 07 03:56:59.153501 2026] [proxy_fcgi:error] [pid 216884:tid 216884] [client 74.7.227.182:54702] AH01071: Got error 'Primary script unknown', referer: https://truechristianity.info/inc/ask_priest_of_ugcc_questions.php
[Sun Jun 07 03:56:59.699863 2026] [proxy_fcgi:error] [pid 216884:tid 216884] [client 74.7.227.182:54702] AH01071: Got error 'Primary script unknown', referer: https://truechristianity.info/inc/ask_priest_of_ugcc_questions.php
[Sun Jun 07 03:57:00.199500 2026] [proxy_fcgi:error] [pid 216884:tid 216884] [client 74.7.227.182:54702] AH01071: Got error 'Primary script unknown', referer: https://truechristianity.info/inc/ask_priest_of_ugcc_questions.php
[Sun Jun 07 03:57:00.702195 2026] [proxy_fcgi:error] [pid 216884:tid 216884] [client 74.7.227.182:54702] AH01071: Got error 'Primary script unknown', referer: https://truechristianity.info/inc/ask_priest_of_ugcc_questions.php
[Sun Jun 07 03:57:01.215806 2026] [proxy_fcgi:error] [pid 216884:tid 216884] [client 74.7.227.182:54702] AH01071: Got error 'Primary script unknown', referer: https://truechristianity.info/inc/ask_priest_of_ugcc_questions.php
[Sun Jun 07 03:57:01.791497 2026] [proxy_fcgi:error] [pid 216884:tid 216884] [client 74.7.227.182:54702] AH01071: Got error 'Primary script unknown', referer: https://truechristianity.info/inc/ask_priest_of_ugcc_questions.php
[Sun Jun 07 03:57:02.338710 2026] [proxy_fcgi:error] [pid 216884:tid 216884] [client 74.7.227.182:54702] AH01071: Got error 'Primary script unknown', referer: https://truechristianity.info/inc/ask_priest_of_ugcc_questions.php
[Sun Jun 07 03:57:02.870370 2026] [proxy_fcgi:error] [pid 216884:tid 216884] [client 74.7.227.182:54702] AH01071: Got error 'Primary script unknown', referer: https://truechristianity.info/inc/ask_priest_of_ugcc_questions.php
[Sun Jun 07 03:57:03.412502 2026] [proxy_fcgi:error] [pid 216884:tid 216884] [client 74.7.227.182:54702] AH01071: Got error 'Primary script unknown', referer: https://truechristianity.info/inc/ask_priest_of_ugcc_questions.php
[Sun Jun 07 03:57:03.908467 2026] [proxy_fcgi:error] [pid 216884:tid 216884] [client 74.7.227.182:54702] AH01071: Got error 'Primary script unknown', referer: https://truechristianity.info/inc/ask_priest_of_ugcc_questions.php
[Sun Jun 07 03:57:04.416272 2026] [proxy_fcgi:error] [pid 216884:tid 216884] [client 74.7.227.182:54702] AH01071: Got error 'Primary script unknown', referer: https://truechristianity.info/inc/ask_priest_of_ugcc_questions.php
[Sun Jun 07 03:57:04.954458 2026] [proxy_fcgi:error] [pid 216884:tid 216884] [client 74.7.227.182:54702] AH01071: Got error 'Primary script unknown', referer: https://truechristianity.info/inc/ask_priest_of_ugcc_questions.php
[Sun Jun 07 03:57:05.459724 2026] [proxy_fcgi:error] [pid 216884:tid 216884] [client 74.7.227.182:54702] AH01071: Got error 'Primary script unknown', referer: https://truechristianity.info/inc/ask_priest_of_ugcc_questions.php
[Sun Jun 07 03:57:05.988591 2026] [proxy_fcgi:error] [pid 216884:tid 216884] [client 74.7.227.182:54702] AH01071: Got error 'Primary script unknown', referer: https://truechristianity.info/inc/ask_priest_of_ugcc_questions.php
[Sun Jun 07 03:57:06.538656 2026] [proxy_fcgi:error] [pid 216884:tid 216884] [client 74.7.227.182:54702] AH01071: Got error 'Primary script unknown', referer: https://truechristianity.info/inc/ask_priest_of_ugcc_questions.php
[Sun Jun 07 03:57:07.055194 2026] [proxy_fcgi:error] [pid 216884:tid 216884] [client 74.7.227.182:54702] AH01071: Got error 'Primary script unknown', referer: https://truechristianity.info/inc/ask_priest_of_ugcc_questions.php
[Sun Jun 07 03:57:07.559305 2026] [proxy_fcgi:error] [pid 216884:tid 216884] [client 74.7.227.182:54702] AH01071: Got error 'Primary script unknown', referer: https://truechristianity.info/inc/ask_priest_of_ugcc_questions.php
[Sun Jun 07 03:57:07.892235 2026] [proxy_fcgi:error] [pid 220404:tid 220404] [client 3.132.216.37:60170] AH01071: Got error 'Primary script unknown'
[Sun Jun 07 03:57:08.106210 2026] [proxy_fcgi:error] [pid 216884:tid 216884] [client 74.7.227.182:54702] AH01071: Got error 'Primary script unknown', referer: https://truechristianity.info/inc/ask_priest_of_ugcc_questions.php
[Sun Jun 07 03:57:08.674676 2026] [proxy_fcgi:error] [pid 216884:tid 216884] [client 74.7.227.182:54702] AH01071: Got error 'Primary script unknown', referer: https://truechristianity.info/inc/ask_priest_of_ugcc_questions.php
[Sun Jun 07 03:57:09.142201 2026] [proxy_fcgi:error] [pid 216884:tid 216884] [client 74.7.227.182:54702] AH01071: Got error 'Primary script unknown', referer: https://truechristianity.info/inc/ask_priest_of_ugcc_questions.php
[Sun Jun 07 03:57:09.698167 2026] [proxy_fcgi:error] [pid 216884:tid 216884] [client 74.7.227.182:54702] AH01071: Got error 'Primary script unknown', referer: https://truechristianity.info/inc/ask_priest_of_ugcc_questions.php
[Sun Jun 07 03:57:10.229838 2026] [proxy_fcgi:error] [pid 216884:tid 216884] [client 74.7.227.182:54702] AH01071: Got error 'Primary script unknown', referer: https://truechristianity.info/inc/ask_priest_of_ugcc_questions.php
[Sun Jun 07 03:57:10.719406 2026] [proxy_fcgi:error] [pid 216884:tid 216884] [client 74.7.227.182:54702] AH01071: Got error 'Primary script unknown', referer: https://truechristianity.info/inc/ask_priest_of_ugcc_questions.php
[Sun Jun 07 03:57:11.250795 2026] [proxy_fcgi:error] [pid 216884:tid 216884] [client 74.7.227.182:54702] AH01071: Got error 'Primary script unknown', referer: https://truechristianity.info/inc/ask_priest_of_ugcc_questions.php
[Sun Jun 07 03:57:11.782173 2026] [proxy_fcgi:error] [pid 216884:tid 216884] [client 74.7.227.182:54702] AH01071: Got error 'Primary script unknown', referer: https://truechristianity.info/inc/ask_priest_of_ugcc_questions.php
[Sun Jun 07 03:57:12.284985 2026] [proxy_fcgi:error] [pid 216884:tid 216884] [client 74.7.227.182:54702] AH01071: Got error 'Primary script unknown', referer: https://truechristianity.info/inc/ask_priest_of_ugcc_questions.php
[Sun Jun 07 03:57:12.826933 2026] [proxy_fcgi:error] [pid 216884:tid 216884] [client 74.7.227.182:54702] AH01071: Got error 'Primary script unknown', referer: https://truechristianity.info/inc/ask_priest_of_ugcc_questions.php
[Sun Jun 07 03:57:12.918313 2026] [cgi:error] [pid 196689:tid 196689] [client 72.252.190.112:33760] AH02811: stderr from /home/serhi173/public_html/pakistan/wad.cgi: script not found or unable to stat
[Sun Jun 07 03:57:24.933250 2026] [cgi:error] [pid 225416:tid 225416] [client 181.116.91.9:13388] AH02811: stderr from /home/serhi173/public_html/gambia/wad.cgi: script not found or unable to stat
[Sun Jun 07 03:57:31.080853 2026] [proxy_fcgi:error] [pid 221456:tid 221456] [client 222.252.116.249:35338] AH01071: Got error 'Primary script unknown'
[Sun Jun 07 03:57:56.663180 2026] [access_compat:error] [pid 208575:tid 208575] [client 47.128.96.120:35744] AH01797: client denied by server configuration: /home/translat/public_html/agencies/res/images/Ideal_Legal_Translation_and_Businessmen_Services.Logo.jpeg, referer: https://www.www2.translationdirectory.com/index.html
[Sun Jun 07 03:57:58.064762 2026] [proxy_fcgi:error] [pid 221055:tid 221055] [client 43.173.179.70:51252] AH01071: Got error 'Primary script unknown'
[Sun Jun 07 03:58:00.924935 2026] [proxy_fcgi:error] [pid 223468:tid 223468] [client 74.7.227.182:58368] AH01071: Got error 'Primary script unknown', referer: https://truechristianity.info/inc/ask_catholic_priest_questions.php
[Sun Jun 07 03:58:05.649397 2026] [proxy_fcgi:error] [pid 223468:tid 223468] [client 74.7.227.182:58368] AH01071: Got error 'Primary script unknown', referer: https://truechristianity.info/inc/god_has_created_this_(table-ru).php
[Sun Jun 07 03:58:09.297212 2026] [proxy_fcgi:error] [pid 193390:tid 193390] [client 74.7.241.61:59494] AH01071: Got error 'Primary script unknown', referer: https://truechristianity.info
[Sun Jun 07 03:58:14.237868 2026] [proxy_fcgi:error] [pid 223468:tid 223468] [client 74.7.227.182:58368] AH01071: Got error 'Primary script unknown', referer: https://truechristianity.info/inc/ask_catholic_priest_questions.php
[Sun Jun 07 03:58:14.768191 2026] [proxy_fcgi:error] [pid 223468:tid 223468] [client 74.7.227.182:58368] AH01071: Got error 'Primary script unknown', referer: https://truechristianity.info/inc/ask_catholic_priest_questions.php
[Sun Jun 07 03:58:15.216700 2026] [cgi:error] [pid 216883:tid 216883] [client 5.255.231.122:50648] AH02811: stderr from /home/serhi173/public_html/costa_rica/wad.cgi: script not found or unable to stat
[Sun Jun 07 03:58:20.659253 2026] [proxy_fcgi:error] [pid 227985:tid 227985] [client 74.7.230.8:53372] AH01071: Got error 'Primary script unknown'
[Sun Jun 07 03:58:22.300296 2026] [proxy_fcgi:error] [pid 188519:tid 188519] [client 203.175.125.116:54823] AH01071: Got error 'Primary script unknown'
[Sun Jun 07 03:58:34.822160 2026] [access_compat:error] [pid 220475:tid 220475] [client 47.128.96.180:16156] AH01797: client denied by server configuration: /home/translat/public_html/agencies/res/images/Ideal_Legal_Translation_and_Businessmen_Services.Logo.jpeg, referer: https://translationdirectory.com/index.html
[Sun Jun 07 03:58:42.288291 2026] [proxy_fcgi:error] [pid 220475:tid 220475] [client 185.191.171.11:30592] AH01071: Got error 'Primary script unknown'
[Sun Jun 07 03:58:47.129189 2026] [access_compat:error] [pid 228045:tid 228045] [client 47.128.96.125:55298] AH01797: client denied by server configuration: /home/translat/public_html/agencies/res/images/Ideal_Legal_Translation_and_Businessmen_Services.Logo.jpeg, referer: https://translationdirectory.com/index.html
[Sun Jun 07 03:59:22.547785 2026] [proxy_fcgi:error] [pid 228045:tid 228045] [client 73.195.49.242:60216] AH01071: Got error 'Primary script unknown'
[Sun Jun 07 03:59:22.898954 2026] [proxy_fcgi:error] [pid 216884:tid 216884] [client 73.195.49.242:60218] AH01071: Got error 'Primary script unknown'
[Sun Jun 07 03:59:22.911465 2026] [proxy_fcgi:error] [pid 233277:tid 233277] [client 73.195.49.242:60219] AH01071: Got error 'Primary script unknown'
[Sun Jun 07 03:59:29.715489 2026] [proxy_fcgi:error] [pid 216883:tid 216883] [client 203.175.125.116:57673] AH01071: Got error 'Primary script unknown'
[Sun Jun 07 03:59:32.254530 2026] [proxy_fcgi:error] [pid 232448:tid 232448] [client 40.77.167.79:46915] AH01071: Got error 'Primary script unknown'
[Sun Jun 07 03:59:43.427194 2026] [proxy_fcgi:error] [pid 204614:tid 204614] [client 74.7.227.182:42468] AH01071: Got error 'Primary script unknown', referer: https://truechristianity.info/inc/ask_priest_of_ugcc_questions.php
[Sun Jun 07 03:59:46.244314 2026] [proxy_fcgi:error] [pid 234777:tid 234777] [client 18.224.62.152:45854] AH01071: Got error 'Primary script unknown'
[Sun Jun 07 03:59:48.143778 2026] [proxy_fcgi:error] [pid 204614:tid 204614] [client 74.7.227.182:42468] AH01071: Got error 'Primary script unknown', referer: https://truechristianity.info/inc/god_has_created_this_(table).php
[Sun Jun 07 03:59:48.667566 2026] [proxy_fcgi:error] [pid 204614:tid 204614] [client 74.7.227.182:42468] AH01071: Got error 'Primary script unknown', referer: https://truechristianity.info/inc/god_has_created_this_(table).php
[Sun Jun 07 03:59:49.153306 2026] [proxy_fcgi:error] [pid 204614:tid 204614] [client 74.7.227.182:42468] AH01071: Got error 'Primary script unknown', referer: https://truechristianity.info/inc/god_has_created_this_(table).php
[Sun Jun 07 04:00:00.282763 2026] [proxy_fcgi:error] [pid 204614:tid 204614] [client 74.7.227.182:42468] AH01071: Got error 'Primary script unknown', referer: https://truechristianity.info/inc/ask_priest_of_ugcc_questions.php
[Sun Jun 07 04:00:17.537439 2026] [proxy_fcgi:error] [pid 214162:tid 214162] [client 190.30.0.147:58628] AH01071: Got error 'Primary script unknown'
[Sun Jun 07 04:00:17.958059 2026] [proxy_fcgi:error] [pid 210835:tid 210835] [client 74.7.227.182:38360] AH01071: Got error 'Primary script unknown', referer: https://truechristianity.info/churches/sint-antoniuskathedraal.php
[Sun Jun 07 04:00:19.388166 2026] [proxy_fcgi:error] [pid 234780:tid 234780] [client 203.175.125.116:59712] AH01071: Got error 'Primary script unknown'
[Sun Jun 07 04:00:32.989396 2026] [proxy_fcgi:error] [pid 210835:tid 210835] [client 74.7.227.182:38360] AH01071: Got error 'Primary script unknown', referer: https://truechristianity.info/inc/god_has_created_this_(table-ru).php
[Sun Jun 07 04:00:38.274717 2026] [proxy_fcgi:error] [pid 233336:tid 233336] [client 152.53.187.237:51238] AH01071: Got error 'Primary script unknown'
[Sun Jun 07 04:01:09.967688 2026] [proxy_fcgi:error] [pid 224607:tid 224607] [client 144.76.19.157:40782] AH01071: Got error 'Primary script unknown'
[Sun Jun 07 04:01:10.084085 2026] [proxy_fcgi:error] [pid 234780:tid 234780] [client 144.76.19.157:40792] AH01071: Got error 'Primary script unknown'
[Sun Jun 07 04:01:11.684429 2026] [authz_core:error] [pid 227984:tid 227984] [client 36.70.7.77:53962] AH01630: client denied by server configuration: /home/truechri/public_html/php.ini
[Sun Jun 07 04:01:11.930864 2026] [proxy_fcgi:error] [pid 232448:tid 232448] [client 203.175.125.116:61837] AH01071: Got error 'Primary script unknown'
[Sun Jun 07 04:01:16.610158 2026] [cgi:error] [pid 233335:tid 233335] [client 38.25.80.145:47462] AH02811: stderr from /home/serhi173/public_html/russia/wad.cgi: script not found or unable to stat
[Sun Jun 07 04:01:22.889971 2026] [proxy_fcgi:error] [pid 234779:tid 234779] [client 74.7.227.182:34648] AH01071: Got error 'Primary script unknown', referer: https://truechristianity.info/inc/god_has_created_this_(table-ru).php
[Sun Jun 07 04:01:23.440027 2026] [proxy_fcgi:error] [pid 234779:tid 234779] [client 74.7.227.182:34648] AH01071: Got error 'Primary script unknown', referer: https://truechristianity.info/inc/god_has_created_this_(table-ru).php
[Sun Jun 07 04:01:23.991707 2026] [proxy_fcgi:error] [pid 234779:tid 234779] [client 74.7.227.182:34648] AH01071: Got error 'Primary script unknown', referer: https://truechristianity.info/inc/god_has_created_this_(table-ru).php
[Sun Jun 07 04:01:25.014804 2026] [proxy_fcgi:error] [pid 234779:tid 234779] [client 74.7.227.182:34648] AH01071: Got error 'Primary script unknown', referer: https://truechristianity.info/inc/god_has_created_this_(table).php
[Sun Jun 07 04:01:25.535693 2026] [proxy_fcgi:error] [pid 234779:tid 234779] [client 74.7.227.182:34648] AH01071: Got error 'Primary script unknown', referer: https://truechristianity.info/inc/god_has_created_this_(table).php
[Sun Jun 07 04:01:25.875095 2026] [authz_core:error] [pid 234780:tid 234780] [client 95.45.23.87:53296] AH01630: client denied by server configuration: /home/truechri/public_html/php.ini
